CRAN Package Check Results for Package PlasmaMutationDetector2

Last updated on 2022-12-03 18:56:05 CET.

Flavor Version Tinstall Tcheck Ttotal Status Flags
r-devel-linux-x86_64-debian-clang 1.1.11 60.63 516.66 577.29 OK
r-devel-linux-x86_64-debian-gcc 1.1.11 53.67 383.84 437.51 OK
r-devel-linux-x86_64-fedora-clang 1.1.11 734.04 NOTE
r-devel-linux-x86_64-fedora-gcc 1.1.11 723.90 NOTE
r-devel-windows-x86_64 1.1.11 547.00 503.00 1050.00 OK
r-patched-linux-x86_64 1.1.11 55.05 476.52 531.57 OK
r-release-linux-x86_64 1.1.11 51.46 493.11 544.57 OK
r-release-macos-arm64 1.1.11 187.00 NOTE
r-release-macos-x86_64 1.1.11 237.00 NOTE
r-release-windows-x86_64 1.1.11 108.00 511.00 619.00 OK
r-oldrel-macos-arm64 1.1.11 171.00 NOTE
r-oldrel-macos-x86_64 1.1.11 247.00 NOTE
r-oldrel-windows-ix86+x86_64 1.1.11 124.00 455.00 579.00 OK

Check Details

Version: 1.1.11
Check: dependencies in R code
Result: NOTE
    Namespace in Imports field not imported from: ‘robustbase’
     All declared Imports should be used.
Flavors: r-devel-linux-x86_64-fedora-clang, r-devel-linux-x86_64-fedora-gcc, r-release-macos-arm64, r-release-macos-x86_64, r-oldrel-macos-arm64, r-oldrel-macos-x86_64