CRAN Package Check Results for Package PointedSDMs

Last updated on 2022-08-15 09:49:37 CEST.

Flavor Version Tinstall Tcheck Ttotal Status Flags
r-devel-linux-x86_64-debian-clang 1.0.6 44.45 417.82 462.27 NOTE
r-devel-linux-x86_64-debian-gcc 1.0.6 39.11 305.41 344.52 NOTE
r-devel-linux-x86_64-fedora-clang 1.0.6 547.49 OK
r-devel-linux-x86_64-fedora-gcc 1.0.6 574.55 OK
r-devel-windows-x86_64 1.0.6 60.00 386.00 446.00 NOTE
r-patched-linux-x86_64 1.0.6 43.15 388.82 431.97 NOTE
r-release-linux-x86_64 1.0.6 37.80 396.56 434.36 NOTE
r-release-macos-arm64 1.0.6 123.00 NOTE
r-release-macos-x86_64 1.0.6 169.00 NOTE
r-release-windows-x86_64 1.0.6 90.00 409.00 499.00 NOTE
r-oldrel-macos-arm64 1.0.6 107.00 NOTE
r-oldrel-macos-x86_64 1.0.6 167.00 NOTE
r-oldrel-windows-ix86+x86_64 1.0.6 91.00 390.00 481.00 OK

Check Details

Version: 1.0.6
Check: package dependencies
Result: NOTE
    Package suggested but not available for checking: 'INLA'
Flavors: r-devel-linux-x86_64-debian-clang, r-devel-linux-x86_64-debian-gcc, r-devel-windows-x86_64, r-patched-linux-x86_64, r-release-linux-x86_64, r-release-macos-arm64, r-release-macos-x86_64, r-release-windows-x86_64, r-oldrel-macos-arm64, r-oldrel-macos-x86_64

Version: 1.0.6
Check: Rd cross-references
Result: NOTE
    Package unavailable to check Rd xrefs: 'INLA'
Flavors: r-devel-linux-x86_64-debian-clang, r-devel-linux-x86_64-debian-gcc, r-devel-windows-x86_64, r-patched-linux-x86_64, r-release-linux-x86_64, r-release-macos-arm64, r-release-macos-x86_64, r-release-windows-x86_64, r-oldrel-macos-arm64, r-oldrel-macos-x86_64