CRAN Package Check Results for Package PolicyPortfolios

Last updated on 2021-10-27 18:51:12 CEST.

Flavor Version Tinstall Tcheck Ttotal Status Flags
r-devel-linux-x86_64-debian-clang 0.2.2 10.52 104.21 114.73 OK
r-devel-linux-x86_64-debian-gcc 0.2.2 9.13 79.70 88.83 OK
r-devel-linux-x86_64-fedora-clang 0.2.2 149.08 NOTE
r-devel-linux-x86_64-fedora-gcc 0.2.2 136.45 NOTE
r-devel-windows-x86_64 0.2.2 18.00 132.00 150.00 OK
r-devel-windows-x86_64-gcc10-UCRT 0.2.2 NOTE
r-patched-linux-x86_64 0.2.2 14.10 99.47 113.57 OK
r-patched-solaris-x86 0.2.2 202.50 NOTE
r-release-linux-x86_64 0.2.2 9.94 98.88 108.82 OK
r-release-macos-arm64 0.2.2 NOTE
r-release-macos-x86_64 0.2.2 NOTE
r-release-windows-ix86+x86_64 0.2.2 21.00 128.00 149.00 OK
r-oldrel-macos-x86_64 0.2.2 NOTE
r-oldrel-windows-ix86+x86_64 0.2.2 20.00 132.00 152.00 OK

Check Details

Version: 0.2.2
Check: data for non-ASCII characters
Result: NOTE
     Note: found 21 marked UTF-8 strings
Flavors: r-devel-linux-x86_64-fedora-clang, r-devel-linux-x86_64-fedora-gcc, r-devel-windows-x86_64-gcc10-UCRT, r-patched-solaris-x86, r-release-macos-arm64, r-release-macos-x86_64, r-oldrel-macos-x86_64