CRAN Package Check Results for Package PolicyPortfolios

Last updated on 2022-09-28 14:49:06 CEST.

Flavor Version Tinstall Tcheck Ttotal Status Flags
r-devel-linux-x86_64-debian-clang 0.3 11.89 128.90 140.79 OK
r-devel-linux-x86_64-debian-gcc 0.3 10.32 95.73 106.05 OK
r-devel-linux-x86_64-fedora-clang 0.3 178.81 NOTE
r-devel-linux-x86_64-fedora-gcc 0.3 171.60 NOTE
r-devel-windows-x86_64 0.3 36.00 156.00 192.00 OK
r-patched-linux-x86_64 0.3 17.30 119.19 136.49 OK
r-release-linux-x86_64 0.3 11.72 116.62 128.34 OK
r-release-macos-arm64 0.3 48.00 NOTE
r-release-macos-x86_64 0.3 95.00 NOTE
r-release-windows-x86_64 0.3 23.00 147.00 170.00 OK
r-oldrel-macos-arm64 0.3 39.00 NOTE
r-oldrel-macos-x86_64 0.3 65.00 NOTE
r-oldrel-windows-ix86+x86_64 0.3 30.00 146.00 176.00 OK

Check Details

Version: 0.3
Check: data for non-ASCII characters
Result: NOTE
     Note: found 21 marked UTF-8 strings
Flavors: r-devel-linux-x86_64-fedora-clang, r-devel-linux-x86_64-fedora-gcc, r-release-macos-arm64, r-release-macos-x86_64, r-oldrel-macos-arm64, r-oldrel-macos-x86_64