CRAN Package Check Results for Package PopED

Last updated on 2019-03-27 03:50:21 CET.

Flavor Version Tinstall Tcheck Ttotal Status Flags
r-devel-linux-x86_64-debian-clang 0.4.0 22.68 389.44 412.12 OK
r-devel-linux-x86_64-debian-gcc 0.4.0 14.94 283.58 298.52 OK
r-devel-linux-x86_64-fedora-clang 0.4.0 479.93 NOTE
r-devel-linux-x86_64-fedora-gcc 0.4.0 442.37 NOTE
r-devel-windows-ix86+x86_64 0.4.0 31.00 404.00 435.00 OK
r-patched-linux-x86_64 0.4.0 18.39 423.38 441.77 OK
r-patched-solaris-x86 0.4.0 638.70 NOTE
r-release-linux-x86_64 0.4.0 19.07 427.55 446.62 OK
r-release-windows-ix86+x86_64 0.4.0 36.00 463.00 499.00 OK
r-release-osx-x86_64 0.4.0 NOTE
r-oldrel-windows-ix86+x86_64 0.4.0 35.00 430.00 465.00 OK
r-oldrel-osx-x86_64 0.4.0 NOTE

Check Details

Version: 0.4.0
Check: dependencies in R code
Result: NOTE
    Namespace in Imports field not imported from: ‘tidyr’
     All declared Imports should be used.
Flavors: r-devel-linux-x86_64-fedora-clang, r-devel-linux-x86_64-fedora-gcc, r-patched-solaris-x86, r-release-osx-x86_64, r-oldrel-osx-x86_64