CRAN Package Check Results for Package PopGenome

Last updated on 2021-10-26 16:49:43 CEST.

Flavor Version Tinstall Tcheck Ttotal Status Flags
r-devel-linux-x86_64-debian-clang 2.7.5 64.52 156.10 220.62 NOTE
r-devel-linux-x86_64-debian-gcc 2.7.5 50.07 116.02 166.09 NOTE
r-devel-linux-x86_64-fedora-clang 2.7.5 301.05 NOTE
r-devel-linux-x86_64-fedora-gcc 2.7.5 273.30 NOTE
r-devel-windows-x86_64 2.7.5 146.00 144.00 290.00 WARN
r-devel-windows-x86_64-gcc10-UCRT 2.7.5 WARN
r-patched-linux-x86_64 2.7.5 58.50 154.16 212.66 NOTE
r-patched-solaris-x86 2.7.5 315.00 NOTE
r-release-linux-x86_64 2.7.5 58.39 153.74 212.13 NOTE
r-release-macos-arm64 2.7.5 NOTE
r-release-macos-x86_64 2.7.5 NOTE
r-release-windows-ix86+x86_64 2.7.5 172.00 207.00 379.00 NOTE
r-oldrel-macos-x86_64 2.7.5 NOTE
r-oldrel-windows-ix86+x86_64 2.7.5 227.00 204.00 431.00 NOTE

Additional issues

rchk

Check Details

Version: 2.7.5
Check: package dependencies
Result: NOTE
    Package suggested but not available for checking: 'WhopGenome'
Flavors: r-devel-linux-x86_64-debian-clang, r-devel-linux-x86_64-debian-gcc, r-devel-linux-x86_64-fedora-clang, r-devel-linux-x86_64-fedora-gcc, r-devel-windows-x86_64-gcc10-UCRT, r-patched-linux-x86_64, r-patched-solaris-x86, r-release-linux-x86_64, r-release-macos-arm64, r-release-macos-x86_64, r-oldrel-macos-x86_64

Version: 2.7.5
Check: whether package can be installed
Result: WARN
    Found the following significant warnings:
     Warning: 'memory.limit()' is no longer supported
Flavors: r-devel-windows-x86_64, r-devel-windows-x86_64-gcc10-UCRT

Version: 2.7.5
Check: installed package size
Result: NOTE
     installed size is 5.3Mb
     sub-directories of 1Mb or more:
     R 1.6Mb
     doc 1.1Mb
     libs 2.3Mb
Flavors: r-release-windows-ix86+x86_64, r-oldrel-windows-ix86+x86_64