CRAN Package Check Results for Package PortalHacienda

Last updated on 2020-09-22 06:47:37 CEST.

Flavor Version Tinstall Tcheck Ttotal Status Flags
r-devel-linux-x86_64-debian-clang 0.1.4 2.85 25.75 28.60 OK
r-devel-linux-x86_64-debian-gcc 0.1.4 0.29 1.85 2.14 ERROR
r-devel-linux-x86_64-fedora-clang 0.1.4 44.85 NOTE
r-devel-linux-x86_64-fedora-gcc 0.1.4 33.93 NOTE
r-devel-windows-ix86+x86_64 0.1.4 9.00 46.00 55.00 OK
r-patched-linux-x86_64 0.1.4 1.74 25.64 27.38 OK
r-patched-solaris-x86 0.1.4 52.30 NOTE
r-release-linux-x86_64 0.1.4 1.81 25.61 27.42 OK
r-release-macos-x86_64 0.1.4 NOTE
r-release-windows-ix86+x86_64 0.1.4 7.00 46.00 53.00 OK
r-oldrel-macos-x86_64 0.1.4 NOTE
r-oldrel-windows-ix86+x86_64 0.1.4 4.00 44.00 48.00 OK

Check Details

Version: 0.1.4
Check: whether package can be installed
Result: ERROR
    Installation failed.
Flavor: r-devel-linux-x86_64-debian-gcc

Version: 0.1.4
Check: dependencies in R code
Result: NOTE
    Namespace in Imports field not imported from: ‘readr’
     All declared Imports should be used.
Flavors: r-devel-linux-x86_64-fedora-clang, r-devel-linux-x86_64-fedora-gcc, r-patched-solaris-x86, r-release-macos-x86_64, r-oldrel-macos-x86_64