CRAN Package Check Results for Package PortfolioAnalytics

Last updated on 2022-12-07 06:53:16 CET.

Flavor Version Tinstall Tcheck Ttotal Status Flags
r-devel-linux-x86_64-debian-clang 1.1.0 21.43 303.06 324.49 OK
r-devel-linux-x86_64-debian-gcc 1.1.0 15.14 224.63 239.77 OK
r-devel-linux-x86_64-fedora-clang 1.1.0 398.09 OK
r-devel-linux-x86_64-fedora-gcc 1.1.0 574.13 OK
r-devel-windows-x86_64 1.1.0 290.00 187.00 477.00 OK --no-vignettes
r-patched-linux-x86_64 1.1.0 18.50 275.12 293.62 OK
r-release-linux-x86_64 1.1.0 20.30 379.67 399.97 OK
r-release-macos-arm64 1.1.0 164.00 OK
r-release-macos-x86_64 1.1.0 233.00 OK
r-release-windows-x86_64 1.1.0 67.00 128.00 195.00 OK --no-vignettes
r-oldrel-macos-arm64 1.1.0 210.00 NOTE
r-oldrel-macos-x86_64 1.1.0 310.00 OK
r-oldrel-windows-ix86+x86_64 1.1.0 38.00 139.00 177.00 OK --no-vignettes

Check Details

Version: 1.1.0
Check: package dependencies
Result: NOTE
    Package suggested but not available for checking: ‘ROI.plugin.symphony’
Flavor: r-oldrel-macos-arm64