CRAN Package Check Results for Package PortfolioOptim

Last updated on 2019-08-21 22:48:47 CEST.

Flavor Version Tinstall Tcheck Ttotal Status Flags
r-devel-linux-x86_64-debian-clang 1.1.1 2.57 22.06 24.63 OK
r-devel-linux-x86_64-debian-gcc 1.1.1 OK
r-devel-linux-x86_64-fedora-clang 1.1.1 31.81 OK
r-devel-linux-x86_64-fedora-gcc 1.1.1 29.67 OK
r-devel-windows-ix86+x86_64 1.1.1 6.00 44.00 50.00 OK
r-patched-linux-x86_64 1.1.1 2.29 21.77 24.06 OK
r-patched-solaris-x86 1.1.1 3.70 ERROR
r-release-linux-x86_64 1.1.1 2.35 21.83 24.18 OK
r-release-windows-ix86+x86_64 1.1.1 5.00 35.00 40.00 OK
r-release-osx-x86_64 1.1.1 ERROR
r-oldrel-windows-ix86+x86_64 1.1.1 4.00 47.00 51.00 OK
r-oldrel-osx-x86_64 1.1.1 ERROR

Check Details

Version: 1.1.1
Check: package dependencies
Result: ERROR
    Package required but not available: ‘Rsymphony’
    
    See section ‘The DESCRIPTION file’ in the ‘Writing R Extensions’
    manual.
Flavors: r-patched-solaris-x86, r-release-osx-x86_64, r-oldrel-osx-x86_64