Last updated on 2023-05-30 11:00:21 CEST.
Flavor | Version | Tinstall | Tcheck | Ttotal | Status | Flags |
---|---|---|---|---|---|---|
r-devel-linux-x86_64-debian-clang | 1.5-4 | 18.06 | 210.53 | 228.59 | OK | |
r-devel-linux-x86_64-debian-gcc | 1.5-4 | 13.22 | 156.32 | 169.54 | OK | |
r-devel-linux-x86_64-fedora-clang | 1.5-4 | 280.86 | OK | |||
r-devel-linux-x86_64-fedora-gcc | 1.5-4 | 311.85 | OK | |||
r-devel-windows-x86_64 | 1.5-4 | 15.00 | 121.00 | 136.00 | OK | --no-vignettes |
r-patched-linux-x86_64 | 1.5-4 | 21.47 | 206.18 | 227.65 | OK | |
r-release-linux-x86_64 | 1.5-4 | 16.69 | 202.99 | 219.68 | OK | |
r-release-macos-arm64 | 1.5-4 | 102.00 | OK | |||
r-release-macos-x86_64 | 1.5-4 | 177.00 | NOTE | |||
r-release-windows-x86_64 | 1.5-4 | 18.00 | 137.00 | 155.00 | OK | --no-vignettes |
r-oldrel-macos-arm64 | 1.5-4 | 95.00 | OK | |||
r-oldrel-macos-x86_64 | 1.5-4 | 128.00 | OK | |||
r-oldrel-windows-x86_64 | 1.5-4 | 18.00 | 147.00 | 165.00 | OK | --no-vignettes |
Version: 1.5-4
Check: package dependencies
Result: NOTE
Package suggested but not available for checking: ‘emmeans’
Flavor: r-release-macos-x86_64
Version: 1.5-4
Check: Rd cross-references
Result: NOTE
Package unavailable to check Rd xrefs: ‘emmeans’
Flavor: r-release-macos-x86_64