CRAN Package Check Results for Package PreProcessing

Last updated on 2023-09-30 16:57:05 CEST.

Flavor Version Tinstall Tcheck Ttotal Status Flags
r-devel-linux-x86_64-debian-clang 0.1.0 1.96 20.50 22.46 OK
r-devel-linux-x86_64-debian-gcc 0.1.0 1.72 16.24 17.96 OK
r-devel-linux-x86_64-fedora-clang 0.1.0 28.75 NOTE
r-devel-linux-x86_64-fedora-gcc 0.1.0 29.13 NOTE
r-devel-windows-x86_64 0.1.0 4.00 39.00 43.00 OK
r-patched-linux-x86_64 0.1.0 2.03 19.74 21.77 OK
r-release-linux-x86_64 0.1.0 1.80 20.41 22.21 OK
r-release-macos-arm64 0.1.0 15.00 OK
r-release-macos-x86_64 0.1.0 18.00 OK
r-release-windows-x86_64 0.1.0 4.00 37.00 41.00 OK
r-oldrel-macos-arm64 0.1.0 14.00 NOTE
r-oldrel-macos-x86_64 0.1.0 26.00 NOTE
r-oldrel-windows-x86_64 0.1.0 3.00 41.00 44.00 OK

Check Details

Version: 0.1.0
Check: dependencies in R code
Result: NOTE
    Namespace in Imports field not imported from: ‘ggplot2’
     All declared Imports should be used.
Flavors: r-devel-linux-x86_64-fedora-clang, r-devel-linux-x86_64-fedora-gcc, r-oldrel-macos-arm64, r-oldrel-macos-x86_64