CRAN Package Check Results for Package PreProcessing

Last updated on 2023-02-02 11:54:11 CET.

Flavor Version Tinstall Tcheck Ttotal Status Flags
r-devel-linux-x86_64-debian-clang 0.1.0 2.12 20.99 23.11 OK
r-devel-linux-x86_64-debian-gcc 0.1.0 1.37 16.53 17.90 OK
r-devel-linux-x86_64-fedora-clang 0.1.0 30.08 NOTE
r-devel-linux-x86_64-fedora-gcc 0.1.0 29.75 NOTE
r-devel-windows-x86_64 0.1.0 12.00 49.00 61.00 OK
r-patched-linux-x86_64 0.1.0 1.74 21.67 23.41 OK
r-release-linux-x86_64 0.1.0 1.82 21.51 23.33 OK
r-release-macos-arm64 0.1.0 14.00 NOTE
r-release-macos-x86_64 0.1.0 26.00 NOTE
r-release-windows-x86_64 0.1.0 13.00 51.00 64.00 OK
r-oldrel-macos-arm64 0.1.0 18.00 NOTE
r-oldrel-macos-x86_64 0.1.0 19.00 NOTE
r-oldrel-windows-ix86+x86_64 0.1.0 6.00 47.00 53.00 OK

Check Details

Version: 0.1.0
Check: dependencies in R code
Result: NOTE
    Namespace in Imports field not imported from: ‘ggplot2’
     All declared Imports should be used.
Flavors: r-devel-linux-x86_64-fedora-clang, r-devel-linux-x86_64-fedora-gcc, r-release-macos-arm64, r-release-macos-x86_64, r-oldrel-macos-arm64, r-oldrel-macos-x86_64