CRAN Package Check Results for Package PredictABEL

Last updated on 2024-03-02 13:50:29 CET.

Flavor Version Tinstall Tcheck Ttotal Status Flags
r-devel-linux-x86_64-debian-clang 1.2-4 9.49 94.04 103.53 OK
r-devel-linux-x86_64-debian-gcc 1.2-4 7.21 69.26 76.47 OK
r-devel-linux-x86_64-fedora-clang 1.2-4 127.74 NOTE
r-devel-linux-x86_64-fedora-gcc 1.2-4 117.03 NOTE
r-devel-windows-x86_64 1.2-4 9.00 87.00 96.00 OK
r-patched-linux-x86_64 1.2-4 6.63 87.54 94.17 OK
r-release-linux-x86_64 1.2-4 6.28 87.62 93.90 OK
r-release-macos-arm64 1.2-4 44.00 OK
r-release-macos-x86_64 1.2-4 68.00 OK
r-release-windows-x86_64 1.2-4 12.00 101.00 113.00 OK
r-oldrel-macos-arm64 1.2-4 63.00 NOTE
r-oldrel-windows-x86_64 1.2-4 12.00 103.00 115.00 OK

Check Details

Version: 1.2-4
Check: dependencies in R code
Result: NOTE Namespace in Imports field not imported from: ‘lazyeval’ All declared Imports should be used. Flavors: r-devel-linux-x86_64-fedora-clang, r-devel-linux-x86_64-fedora-gcc, r-oldrel-macos-arm64