CRAN Package Check Results for Package PredictABEL

Last updated on 2022-07-04 10:52:20 CEST.

Flavor Version Tinstall Tcheck Ttotal Status Flags
r-devel-linux-x86_64-debian-clang 1.2-4 15.07 135.67 150.74 OK
r-devel-linux-x86_64-debian-gcc 1.2-4 12.18 101.65 113.83 OK
r-devel-linux-x86_64-fedora-clang 1.2-4 190.94 WARN
r-devel-linux-x86_64-fedora-gcc 1.2-4 186.57 WARN
r-devel-windows-x86_64 1.2-4 37.00 150.00 187.00 OK
r-patched-linux-x86_64 1.2-4 12.78 132.92 145.70 OK
r-release-linux-x86_64 1.2-4 10.73 133.20 143.93 OK
r-release-macos-arm64 1.2-4 63.00 NOTE
r-release-macos-x86_64 1.2-4 104.00 NOTE
r-release-windows-x86_64 1.2-4 34.00 149.00 183.00 OK
r-oldrel-macos-arm64 1.2-4 83.00 NOTE
r-oldrel-macos-x86_64 1.2-4 96.00 NOTE
r-oldrel-windows-ix86+x86_64 1.2-4 35.00 151.00 186.00 OK

Check Details

Version: 1.2-4
Check: package dependencies
Result: WARN
    Requires (indirectly) orphaned package: ‘gtools’
Flavors: r-devel-linux-x86_64-fedora-clang, r-devel-linux-x86_64-fedora-gcc

Version: 1.2-4
Check: dependencies in R code
Result: NOTE
    Namespace in Imports field not imported from: ‘lazyeval’
     All declared Imports should be used.
Flavors: r-devel-linux-x86_64-fedora-clang, r-devel-linux-x86_64-fedora-gcc, r-release-macos-arm64, r-release-macos-x86_64, r-oldrel-macos-arm64, r-oldrel-macos-x86_64