CRAN Package Check Results for Package PredictionR

Last updated on 2021-10-19 00:49:27 CEST.

Flavor Version Tinstall Tcheck Ttotal Status Flags
r-devel-linux-x86_64-debian-clang 1.0-12 6.61 59.50 66.11 NOTE
r-devel-linux-x86_64-debian-gcc 1.0-12 5.82 47.37 53.19 NOTE
r-devel-linux-x86_64-fedora-clang 1.0-12 95.07 NOTE
r-devel-linux-x86_64-fedora-gcc 1.0-12 79.94 NOTE
r-devel-windows-x86_64 1.0-12 12.00 82.00 94.00 NOTE
r-devel-windows-x86_64-gcc10-UCRT 1.0-12 NOTE
r-patched-linux-x86_64 1.0-12 7.26 58.52 65.78 NOTE
r-patched-solaris-x86 1.0-12 121.60 NOTE
r-release-linux-x86_64 1.0-12 6.95 58.64 65.59 NOTE
r-release-macos-arm64 1.0-12 NOTE
r-release-macos-x86_64 1.0-12 NOTE
r-release-windows-ix86+x86_64 1.0-12 14.00 78.00 92.00 NOTE
r-oldrel-macos-x86_64 1.0-12 OK
r-oldrel-windows-ix86+x86_64 1.0-12 16.00 80.00 96.00 OK

Check Details

Version: 1.0-12
Check: LazyData
Result: NOTE
     'LazyData' is specified without a 'data' directory
Flavors: r-devel-linux-x86_64-debian-clang, r-devel-linux-x86_64-debian-gcc, r-devel-linux-x86_64-fedora-clang, r-devel-linux-x86_64-fedora-gcc, r-devel-windows-x86_64, r-devel-windows-x86_64-gcc10-UCRT, r-patched-linux-x86_64, r-patched-solaris-x86, r-release-linux-x86_64, r-release-macos-arm64, r-release-macos-x86_64, r-release-windows-ix86+x86_64