CRAN Package Check Results for Package PriorCD

Last updated on 2020-04-01 06:48:19 CEST.

Flavor Version Tinstall Tcheck Ttotal Status Flags
r-devel-linux-x86_64-debian-clang 0.1.0 6.44 47.73 54.17 NOTE
r-devel-linux-x86_64-debian-gcc 0.1.0 5.43 36.81 42.24 NOTE
r-devel-linux-x86_64-fedora-clang 0.1.0 58.30 NOTE
r-devel-linux-x86_64-fedora-gcc 0.1.0 58.09 NOTE
r-devel-windows-ix86+x86_64 0.1.0 14.00 55.00 69.00 NOTE
r-devel-windows-ix86+x86_64-gcc8 0.1.0 12.00 61.00 73.00 NOTE
r-patched-linux-x86_64 0.1.0 5.61 42.07 47.68 NOTE
r-patched-solaris-x86 0.1.0 98.60 NOTE
r-release-linux-x86_64 0.1.0 5.59 42.76 48.35 OK
r-release-windows-ix86+x86_64 0.1.0 13.00 58.00 71.00 OK
r-release-osx-x86_64 0.1.0 OK
r-oldrel-windows-ix86+x86_64 0.1.0 11.00 90.00 101.00 OK
r-oldrel-osx-x86_64 0.1.0 OK

Check Details

Version: 0.1.0
Check: package vignettes
Result: NOTE
    Package vignette with placeholder title 'Vignette Title':
     'priorcd.Rmd'
Flavors: r-devel-linux-x86_64-debian-clang, r-devel-linux-x86_64-debian-gcc, r-devel-windows-ix86+x86_64, r-devel-windows-ix86+x86_64-gcc8, r-patched-linux-x86_64

Version: 0.1.0
Check: for non-standard things in the check directory
Result: NOTE
    Found the following files/directories:
     'network.html' 'network_files'
Flavors: r-devel-linux-x86_64-debian-clang, r-devel-linux-x86_64-debian-gcc, r-devel-linux-x86_64-fedora-clang, r-devel-linux-x86_64-fedora-gcc, r-patched-linux-x86_64, r-patched-solaris-x86