CRAN Package Check Results for Package ProFound

Last updated on 2022-11-28 02:55:43 CET.

Flavor Version Tinstall Tcheck Ttotal Status Flags
r-devel-linux-x86_64-debian-clang 1.14.1 74.29 112.80 187.09 NOTE
r-devel-linux-x86_64-debian-gcc 1.14.1 56.74 84.19 140.93 NOTE
r-devel-linux-x86_64-fedora-clang 1.14.1 267.68 NOTE
r-devel-linux-x86_64-fedora-gcc 1.14.1 237.33 NOTE
r-devel-windows-x86_64 1.14.1 98.00 185.00 283.00 NOTE
r-patched-linux-x86_64 1.14.1 60.94 101.94 162.88 NOTE
r-release-linux-x86_64 1.14.1 61.31 97.65 158.96 NOTE
r-release-macos-arm64 1.14.1 60.00 NOTE
r-release-macos-x86_64 1.14.1 85.00 NOTE
r-release-windows-x86_64 1.14.1 102.00 186.00 288.00 NOTE
r-oldrel-macos-arm64 1.14.1 123.00 NOTE
r-oldrel-macos-x86_64 1.14.1 136.00 NOTE
r-oldrel-windows-ix86+x86_64 1.14.1 167.00 172.00 339.00 NOTE

Check Details

Version: 1.14.1
Check: package dependencies
Result: NOTE
    Package suggested but not available for checking: 'ProFit'
Flavors: r-devel-linux-x86_64-debian-clang, r-devel-linux-x86_64-debian-gcc, r-devel-linux-x86_64-fedora-clang, r-devel-linux-x86_64-fedora-gcc, r-patched-linux-x86_64, r-release-linux-x86_64

Version: 1.14.1
Check: installed package size
Result: NOTE
     installed size is 5.1Mb
     sub-directories of 1Mb or more:
     data 1.7Mb
     extdata 1.2Mb
     libs 1.2Mb
Flavors: r-devel-windows-x86_64, r-release-macos-arm64, r-release-macos-x86_64, r-release-windows-x86_64, r-oldrel-macos-arm64, r-oldrel-macos-x86_64, r-oldrel-windows-ix86+x86_64

Version: 1.14.1
Check: package dependencies
Result: NOTE
    Package suggested but not available for checking: ‘EBImage’
Flavors: r-release-macos-arm64, r-oldrel-macos-arm64