CRAN Package Check Results for Package ProbitSpatial

Last updated on 2022-01-27 23:56:41 CET.

Flavor Version Tinstall Tcheck Ttotal Status Flags
r-devel-linux-x86_64-debian-clang 1.1 98.89 77.21 176.10 OK
r-devel-linux-x86_64-debian-gcc 1.1 76.21 61.84 138.05 OK
r-devel-linux-x86_64-fedora-clang 1.1 233.48 NOTE
r-devel-linux-x86_64-fedora-gcc 1.1 220.26 OK
r-devel-windows-x86_64-new-UL 1.1 147.00 117.00 264.00 OK
r-devel-windows-x86_64-new-TK 1.1 OK
r-patched-linux-x86_64 1.1 82.03 73.48 155.51 OK
r-release-linux-x86_64 1.1 79.30 73.32 152.62 OK
r-release-macos-arm64 1.1 NOTE
r-release-macos-x86_64 1.1 NOTE
r-release-windows-ix86+x86_64 1.1 171.00 122.00 293.00 OK
r-oldrel-macos-x86_64 1.1 NOTE
r-oldrel-windows-ix86+x86_64 1.1 171.00 122.00 293.00 OK

Check Details

Version: 1.1
Check: installed package size
Result: NOTE
     installed size is 19.4Mb
     sub-directories of 1Mb or more:
     libs 19.1Mb
Flavors: r-devel-linux-x86_64-fedora-clang, r-release-macos-arm64, r-release-macos-x86_64, r-oldrel-macos-x86_64