CRAN Package Check Results for Package ProfoundData

Last updated on 2020-07-08 15:48:04 CEST.

Flavor Version Tinstall Tcheck Ttotal Status Flags
r-devel-linux-x86_64-debian-clang 0.2.1 7.23 58.06 65.29 OK
r-devel-linux-x86_64-debian-gcc 0.2.1 6.83 45.04 51.87 OK
r-devel-linux-x86_64-fedora-clang 0.2.1 85.72 OK
r-devel-linux-x86_64-fedora-gcc 0.2.1 77.93 OK
r-devel-windows-ix86+x86_64 0.2.1 15.00 84.00 99.00 OK
r-patched-linux-x86_64 0.2.1 8.40 59.62 68.02 OK
r-patched-solaris-x86 0.2.1 111.90 OK
r-release-linux-x86_64 0.2.1 7.74 58.10 65.84 OK
r-release-osx-x86_64 0.2.1 OK
r-release-windows-ix86+x86_64 0.2.1 16.00 64.00 80.00 OK
r-oldrel-osx-x86_64 0.2.1 NOTE
r-oldrel-windows-ix86+x86_64 0.2.1 42.00 118.00 160.00 OK

Check Details

Version: 0.2.1
Check: dependencies in R code
Result: NOTE
    No protocol specified
    No protocol specified
Flavor: r-oldrel-osx-x86_64