Last updated on 2023-12-08 23:55:40 CET.
Flavor | Version | Tinstall | Tcheck | Ttotal | Status | Flags |
---|---|---|---|---|---|---|
r-devel-linux-x86_64-debian-clang | 1.5.2 | 12.48 | 98.67 | 111.15 | NOTE | |
r-devel-linux-x86_64-debian-gcc | 1.5.2 | 9.94 | 71.57 | 81.51 | NOTE | |
r-devel-linux-x86_64-fedora-clang | 1.5.2 | 138.61 | OK | |||
r-devel-linux-x86_64-fedora-gcc | 1.5.2 | 138.45 | OK | |||
r-devel-windows-x86_64 | 1.5.2 | 12.00 | 82.00 | 94.00 | OK | |
r-patched-linux-x86_64 | 1.5.2 | 8.04 | 92.02 | 100.06 | OK | |
r-release-linux-x86_64 | 1.5.2 | 8.09 | 91.79 | 99.88 | OK | |
r-release-macos-arm64 | 1.5.2 | 59.00 | OK | |||
r-release-macos-x86_64 | 1.5.2 | 82.00 | OK | |||
r-release-windows-x86_64 | 1.5.2 | 15.00 | 102.00 | 117.00 | OK | |
r-oldrel-macos-arm64 | 1.4.7 | 39.00 | OK | |||
r-oldrel-macos-x86_64 | 1.4.7 | 54.00 | OK | |||
r-oldrel-windows-x86_64 | 1.4.7 | 16.00 | 104.00 | 120.00 | OK |
Version: 1.5.2
Check: Rd files
Result: NOTE
checkRd: (-1) organize.Rd:17: Lost braces in \itemize; \value handles \item{}{} directly
checkRd: (-1) organize.Rd:18: Lost braces in \itemize; \value handles \item{}{} directly
checkRd: (-1) rebuild.Rd:17: Lost braces in \itemize; \value handles \item{}{} directly
checkRd: (-1) rebuild.Rd:18: Lost braces in \itemize; \value handles \item{}{} directly
checkRd: (-1) rebuild.Rd:19: Lost braces in \itemize; \value handles \item{}{} directly
checkRd: (-1) rebuild.Rd:20: Lost braces in \itemize; \value handles \item{}{} directly
Flavors: r-devel-linux-x86_64-debian-clang, r-devel-linux-x86_64-debian-gcc