Last updated on 2023-02-06 00:52:39 CET.
Flavor | Version | Tinstall | Tcheck | Ttotal | Status | Flags |
---|---|---|---|---|---|---|
r-devel-linux-x86_64-debian-clang | 0.10.2 | 7.20 | 70.80 | 78.00 | OK | |
r-devel-linux-x86_64-debian-gcc | 0.10.2 | 5.36 | 51.35 | 56.71 | OK | |
r-devel-linux-x86_64-fedora-clang | 0.10.2 | 98.62 | OK | |||
r-devel-linux-x86_64-fedora-gcc | 0.10.2 | 90.00 | OK | |||
r-devel-windows-x86_64 | 0.10.2 | 178.00 | 164.00 | 342.00 | OK | |
r-patched-linux-x86_64 | 0.10.2 | 7.56 | 64.48 | 72.04 | OK | |
r-release-linux-x86_64 | 0.10.2 | 5.38 | 63.46 | 68.84 | OK | |
r-release-macos-arm64 | 0.10.2 | 44.00 | OK | |||
r-release-macos-x86_64 | 0.10.2 | 60.00 | OK | |||
r-release-windows-x86_64 | 0.10.2 | 98.00 | 163.00 | 261.00 | OK | |
r-oldrel-macos-arm64 | 0.10.2 | 45.00 | NOTE | |||
r-oldrel-macos-x86_64 | 0.10.2 | 65.00 | OK | |||
r-oldrel-windows-ix86+x86_64 | 0.10.2 | 14.00 | 125.00 | 139.00 | OK |
Version: 0.10.2
Check: package dependencies
Result: NOTE
Package suggested but not available for checking: ‘RODBC’
Flavor: r-oldrel-macos-arm64