CRAN Package Check Results for Package ProjectTemplate

Last updated on 2021-08-05 13:54:23 CEST.

Flavor Version Tinstall Tcheck Ttotal Status Flags
r-devel-linux-x86_64-debian-clang 0.10.2 4.97 59.62 64.59 OK
r-devel-linux-x86_64-debian-gcc 0.10.2 4.42 44.14 48.56 OK
r-devel-linux-x86_64-fedora-clang 0.10.2 90.25 OK
r-devel-linux-x86_64-fedora-gcc 0.10.2 76.36 OK
r-devel-windows-x86_64 0.10.1 7.00 99.00 106.00 OK
r-devel-windows-x86_64-gcc10-UCRT 0.10.2 ERROR
r-patched-linux-x86_64 0.10.2 6.20 56.20 62.40 OK
r-patched-solaris-x86 0.10.2 100.70 OK
r-release-linux-x86_64 0.10.2 5.61 56.37 61.98 OK
r-release-macos-arm64 0.10.2 NOTE
r-release-macos-x86_64 0.10.2 OK
r-release-windows-ix86+x86_64 0.10.2 9.00 93.00 102.00 OK
r-oldrel-macos-x86_64 0.10.2 OK
r-oldrel-windows-ix86+x86_64 0.10.1 8.00 94.00 102.00 OK

Check Details

Version: 0.10.2
Check: package dependencies
Result: ERROR
    Package required but not available: 'tibble'
    
    Packages suggested but not available for checking:
     'feather', 'qs', 'ggplot2', 'readxl', 'testthat'
    
    See section 'The DESCRIPTION file' in the 'Writing R Extensions'
    manual.
Flavor: r-devel-windows-x86_64-gcc10-UCRT

Version: 0.10.2
Check: package dependencies
Result: NOTE
    Package suggested but not available for checking: ‘RODBC’
Flavor: r-release-macos-arm64