CRAN Package Check Results for Package Przewodnik

Last updated on 2019-08-26 11:48:52 CEST.

Flavor Version Tinstall Tcheck Ttotal Status Flags
r-devel-linux-x86_64-debian-clang 0.16.12 10.53 69.54 80.07 OK
r-devel-linux-x86_64-debian-gcc 0.16.12 8.61 54.23 62.84 OK
r-devel-linux-x86_64-fedora-clang 0.16.12 96.90 NOTE
r-devel-linux-x86_64-fedora-gcc 0.16.12 94.58 NOTE
r-devel-windows-ix86+x86_64 0.16.12 34.00 84.00 118.00 OK
r-patched-linux-x86_64 0.16.12 9.24 68.28 77.52 OK
r-patched-solaris-x86 0.16.12 147.40 NOTE
r-release-linux-x86_64 0.16.12 10.08 67.35 77.43 OK
r-release-windows-ix86+x86_64 0.16.12 39.00 111.00 150.00 OK
r-release-osx-x86_64 0.16.12 NOTE
r-oldrel-windows-ix86+x86_64 0.16.12 19.00 110.00 129.00 OK
r-oldrel-osx-x86_64 0.16.12 NOTE

Check Details

Version: 0.16.12
Check: data for non-ASCII characters
Result: NOTE
     Note: found 1 marked UTF-8 string
Flavors: r-devel-linux-x86_64-fedora-clang, r-devel-linux-x86_64-fedora-gcc, r-patched-solaris-x86, r-release-osx-x86_64, r-oldrel-osx-x86_64