CRAN Package Check Results for Package Przewodnik

Last updated on 2018-11-17 11:47:01 CET.

Flavor Version Tinstall Tcheck Ttotal Status Flags
r-devel-linux-x86_64-debian-clang 0.16.12 7.75 66.22 73.97 OK
r-devel-linux-x86_64-debian-gcc 0.16.12 6.16 52.27 58.43 OK
r-devel-linux-x86_64-fedora-clang 0.16.12 102.28 NOTE
r-devel-linux-x86_64-fedora-gcc 0.16.12 83.85 NOTE
r-devel-windows-ix86+x86_64 0.16.12 18.00 102.00 120.00 OK
r-patched-linux-x86_64 0.16.12 7.08 63.21 70.29 OK
r-patched-solaris-x86 0.16.12 135.20 NOTE
r-release-linux-x86_64 0.16.12 6.62 63.41 70.03 OK
r-release-windows-ix86+x86_64 0.16.12 16.00 76.00 92.00 OK
r-release-osx-x86_64 0.16.12 NOTE
r-oldrel-windows-ix86+x86_64 0.16.12 20.00 108.00 128.00 OK
r-oldrel-osx-x86_64 0.16.12 NOTE

Check Details

Version: 0.16.12
Check: data for non-ASCII characters
Result: NOTE
     Note: found 1 marked UTF-8 string
Flavors: r-devel-linux-x86_64-fedora-clang, r-devel-linux-x86_64-fedora-gcc, r-patched-solaris-x86, r-release-osx-x86_64, r-oldrel-osx-x86_64