CRAN Package Check Results for Package Przewodnik

Last updated on 2019-01-17 20:47:16 CET.

Flavor Version Tinstall Tcheck Ttotal Status Flags
r-devel-linux-x86_64-debian-clang 0.16.12 7.91 68.40 76.31 OK
r-devel-linux-x86_64-debian-gcc 0.16.12 6.87 52.70 59.57 OK
r-devel-linux-x86_64-fedora-clang 0.16.12 89.28 NOTE
r-devel-linux-x86_64-fedora-gcc 0.16.12 83.66 NOTE
r-devel-windows-ix86+x86_64 0.16.12 19.00 126.00 145.00 OK
r-patched-linux-x86_64 0.16.12 7.85 63.84 71.69 OK
r-patched-solaris-x86 0.16.12 138.20 NOTE
r-release-linux-x86_64 0.16.12 6.52 63.66 70.18 OK
r-release-windows-ix86+x86_64 0.16.12 20.00 110.00 130.00 OK
r-release-osx-x86_64 0.16.12 NOTE
r-oldrel-windows-ix86+x86_64 0.16.12 13.00 114.00 127.00 OK
r-oldrel-osx-x86_64 0.16.12 NOTE

Check Details

Version: 0.16.12
Check: data for non-ASCII characters
Result: NOTE
     Note: found 1 marked UTF-8 string
Flavors: r-devel-linux-x86_64-fedora-clang, r-devel-linux-x86_64-fedora-gcc, r-patched-solaris-x86, r-release-osx-x86_64, r-oldrel-osx-x86_64