CRAN Package Check Results for Package Przewodnik

Last updated on 2021-09-16 22:55:40 CEST.

Flavor Version Tinstall Tcheck Ttotal Status Flags
r-devel-linux-x86_64-debian-clang 0.16.12 11.88 91.63 103.51 OK
r-devel-linux-x86_64-debian-gcc 0.16.12 10.86 68.42 79.28 OK
r-devel-linux-x86_64-fedora-clang 0.16.12 130.00 NOTE
r-devel-linux-x86_64-fedora-gcc 0.16.12 119.52 NOTE
r-devel-windows-x86_64 0.16.12 15.00 118.00 133.00 OK
r-devel-windows-x86_64-gcc10-UCRT 0.16.12 NOTE
r-patched-linux-x86_64 0.16.12 11.40 84.83 96.23 OK
r-patched-solaris-x86 0.16.12 172.90 NOTE
r-release-linux-x86_64 0.16.12 10.69 84.36 95.05 OK
r-release-macos-arm64 0.16.12 NOTE
r-release-macos-x86_64 0.16.12 NOTE
r-release-windows-ix86+x86_64 0.16.12 27.00 112.00 139.00 OK
r-oldrel-macos-x86_64 0.16.12 NOTE
r-oldrel-windows-ix86+x86_64 0.16.12 21.00 113.00 134.00 OK

Check Details

Version: 0.16.12
Check: data for non-ASCII characters
Result: NOTE
     Note: found 1 marked UTF-8 string
Flavors: r-devel-linux-x86_64-fedora-clang, r-devel-linux-x86_64-fedora-gcc, r-devel-windows-x86_64-gcc10-UCRT, r-patched-solaris-x86, r-release-macos-arm64, r-release-macos-x86_64, r-oldrel-macos-x86_64