CRAN Package Check Results for Package Przewodnik

Last updated on 2019-03-19 02:50:10 CET.

Flavor Version Tinstall Tcheck Ttotal Status Flags
r-devel-linux-x86_64-debian-clang 0.16.12 10.78 67.72 78.50 OK
r-devel-linux-x86_64-debian-gcc 0.16.12 8.91 52.82 61.73 OK
r-devel-linux-x86_64-fedora-clang 0.16.12 94.50 NOTE
r-devel-linux-x86_64-fedora-gcc 0.16.12 89.52 NOTE
r-devel-windows-ix86+x86_64 0.16.12 30.00 108.00 138.00 OK
r-patched-linux-x86_64 0.16.12 8.06 63.29 71.35 OK
r-patched-solaris-x86 0.16.12 132.90 NOTE
r-release-linux-x86_64 0.16.12 7.40 64.01 71.41 OK
r-release-windows-ix86+x86_64 0.16.12 16.00 107.00 123.00 OK
r-release-osx-x86_64 0.16.12 NOTE
r-oldrel-windows-ix86+x86_64 0.16.12 18.00 111.00 129.00 OK
r-oldrel-osx-x86_64 0.16.12 NOTE

Check Details

Version: 0.16.12
Check: data for non-ASCII characters
Result: NOTE
     Note: found 1 marked UTF-8 string
Flavors: r-devel-linux-x86_64-fedora-clang, r-devel-linux-x86_64-fedora-gcc, r-patched-solaris-x86, r-release-osx-x86_64, r-oldrel-osx-x86_64