CRAN Package Check Results for Package PubBias

Last updated on 2019-05-27 09:50:29 CEST.

Flavor Version Tinstall Tcheck Ttotal Status Flags
r-devel-linux-x86_64-debian-clang 1.0 2.27 29.78 32.05 NOTE
r-devel-linux-x86_64-debian-gcc 1.0 1.87 23.86 25.73 NOTE
r-devel-linux-x86_64-fedora-clang 1.0 39.96 NOTE
r-devel-linux-x86_64-fedora-gcc 1.0 37.79 NOTE
r-devel-windows-ix86+x86_64 1.0 6.00 54.00 60.00 NOTE
r-patched-linux-x86_64 1.0 NOTE
r-patched-solaris-x86 1.0 60.60 NOTE
r-release-linux-x86_64 1.0 2.35 29.82 32.17 NOTE
r-release-windows-ix86+x86_64 1.0 9.00 42.00 51.00 NOTE
r-release-osx-x86_64 1.0 NOTE
r-oldrel-windows-ix86+x86_64 1.0 5.00 43.00 48.00 NOTE
r-oldrel-osx-x86_64 1.0 NOTE

Check Details

Version: 1.0
Check: DESCRIPTION meta-information
Result: NOTE
    Malformed Title field: should not end in a period.
Flavors: r-devel-linux-x86_64-debian-clang, r-devel-linux-x86_64-debian-gcc, r-devel-linux-x86_64-fedora-clang, r-devel-linux-x86_64-fedora-gcc, r-devel-windows-ix86+x86_64, r-patched-linux-x86_64, r-patched-solaris-x86, r-release-linux-x86_64, r-release-windows-ix86+x86_64, r-release-osx-x86_64, r-oldrel-windows-ix86+x86_64, r-oldrel-osx-x86_64

Version: 1.0
Check: dependencies in R code
Result: NOTE
    Packages in Depends field not imported from:
     'R.utils' 'rmeta'
     These packages need to be imported from (in the NAMESPACE file)
     for when this namespace is loaded but not attached.
Flavors: r-devel-linux-x86_64-debian-clang, r-devel-linux-x86_64-debian-gcc, r-devel-linux-x86_64-fedora-clang, r-devel-linux-x86_64-fedora-gcc, r-devel-windows-ix86+x86_64, r-patched-linux-x86_64, r-patched-solaris-x86, r-release-linux-x86_64, r-release-windows-ix86+x86_64, r-release-osx-x86_64, r-oldrel-windows-ix86+x86_64, r-oldrel-osx-x86_64

Version: 1.0
Check: R code for possible problems
Result: NOTE
    ChisqTest_expect: no visible global function definition for 'pchisq'
    plot_chase_observed_expected: no visible global function definition for
     'meta.MH'
    plot_chase_observed_expected: no visible global function definition for
     'txtProgressBar'
    plot_chase_observed_expected: no visible global function definition for
     'setTxtProgressBar'
    test.one.treated: no visible global function definition for
     'fisher.test'
    test_one: no visible global function definition for 'rbinom'
    test_one: no visible global function definition for 'fisher.test'
    Undefined global functions or variables:
     fisher.test meta.MH pchisq rbinom setTxtProgressBar txtProgressBar
    Consider adding
     importFrom("stats", "fisher.test", "pchisq", "rbinom")
     importFrom("utils", "setTxtProgressBar", "txtProgressBar")
    to your NAMESPACE file.
Flavors: r-devel-linux-x86_64-debian-clang, r-devel-linux-x86_64-debian-gcc, r-devel-linux-x86_64-fedora-clang, r-devel-linux-x86_64-fedora-gcc, r-devel-windows-ix86+x86_64, r-patched-linux-x86_64, r-patched-solaris-x86, r-release-linux-x86_64, r-release-windows-ix86+x86_64, r-release-osx-x86_64, r-oldrel-windows-ix86+x86_64, r-oldrel-osx-x86_64