CRAN Package Check Results for Package PubBias

Last updated on 2020-11-30 18:51:25 CET.

Flavor Version Tinstall Tcheck Ttotal Status Flags
r-devel-linux-x86_64-debian-clang 1.0 3.87 34.22 38.09 NOTE
r-devel-linux-x86_64-debian-gcc 1.0 2.63 26.29 28.92 NOTE
r-devel-linux-x86_64-fedora-clang 1.0 50.27 NOTE
r-devel-linux-x86_64-fedora-gcc 1.0 43.15 NOTE
r-devel-windows-ix86+x86_64 1.0 6.00 53.00 59.00 NOTE
r-patched-linux-x86_64 1.0 3.94 34.91 38.85 NOTE
r-patched-solaris-x86 1.0 66.60 NOTE
r-release-linux-x86_64 1.0 3.63 33.28 36.91 NOTE
r-release-macos-x86_64 1.0 NOTE
r-release-windows-ix86+x86_64 1.0 6.00 41.00 47.00 NOTE
r-oldrel-macos-x86_64 1.0 NOTE
r-oldrel-windows-ix86+x86_64 1.0 4.00 49.00 53.00 NOTE

Check Details

Version: 1.0
Check: DESCRIPTION meta-information
Result: NOTE
    Malformed Title field: should not end in a period.
Flavors: r-devel-linux-x86_64-debian-clang, r-devel-linux-x86_64-debian-gcc, r-devel-linux-x86_64-fedora-clang, r-devel-linux-x86_64-fedora-gcc, r-devel-windows-ix86+x86_64, r-patched-linux-x86_64, r-patched-solaris-x86, r-release-linux-x86_64, r-release-macos-x86_64, r-release-windows-ix86+x86_64, r-oldrel-macos-x86_64, r-oldrel-windows-ix86+x86_64

Version: 1.0
Check: dependencies in R code
Result: NOTE
    Packages in Depends field not imported from:
     'R.utils' 'rmeta'
     These packages need to be imported from (in the NAMESPACE file)
     for when this namespace is loaded but not attached.
Flavors: r-devel-linux-x86_64-debian-clang, r-devel-linux-x86_64-debian-gcc, r-devel-linux-x86_64-fedora-clang, r-devel-linux-x86_64-fedora-gcc, r-devel-windows-ix86+x86_64, r-patched-linux-x86_64, r-patched-solaris-x86, r-release-linux-x86_64, r-release-macos-x86_64, r-release-windows-ix86+x86_64, r-oldrel-macos-x86_64, r-oldrel-windows-ix86+x86_64

Version: 1.0
Check: R code for possible problems
Result: NOTE
    ChisqTest_expect: no visible global function definition for 'pchisq'
    plot_chase_observed_expected: no visible global function definition for
     'meta.MH'
    plot_chase_observed_expected: no visible global function definition for
     'txtProgressBar'
    plot_chase_observed_expected: no visible global function definition for
     'setTxtProgressBar'
    test.one.treated: no visible global function definition for
     'fisher.test'
    test_one: no visible global function definition for 'rbinom'
    test_one: no visible global function definition for 'fisher.test'
    Undefined global functions or variables:
     fisher.test meta.MH pchisq rbinom setTxtProgressBar txtProgressBar
    Consider adding
     importFrom("stats", "fisher.test", "pchisq", "rbinom")
     importFrom("utils", "setTxtProgressBar", "txtProgressBar")
    to your NAMESPACE file.
Flavors: r-devel-linux-x86_64-debian-clang, r-devel-linux-x86_64-debian-gcc, r-devel-linux-x86_64-fedora-clang, r-devel-linux-x86_64-fedora-gcc, r-devel-windows-ix86+x86_64, r-patched-linux-x86_64, r-patched-solaris-x86, r-release-linux-x86_64, r-release-macos-x86_64, r-release-windows-ix86+x86_64, r-oldrel-macos-x86_64, r-oldrel-windows-ix86+x86_64