CRAN Package Check Results for Package Q7

Last updated on 2021-04-23 01:50:11 CEST.

Flavor Version Tinstall Tcheck Ttotal Status Flags
r-devel-linux-x86_64-debian-clang 0.1.0 2.27 26.01 28.28 NOTE
r-devel-linux-x86_64-debian-gcc 0.1.0 1.67 20.97 22.64 NOTE
r-devel-linux-x86_64-fedora-clang 0.1.0 43.87 NOTE
r-devel-linux-x86_64-fedora-gcc 0.1.0 34.43 NOTE
r-devel-windows-ix86+x86_64 0.1.0 6.00 44.00 50.00 NOTE
r-devel-windows-x86_64-gcc10-UCRT 0.1.0 NOTE
r-patched-linux-x86_64 0.1.0 2.32 25.26 27.58 WARN
r-patched-solaris-x86 0.1.0 50.60 OK
r-release-linux-x86_64 0.1.0 1.89 25.15 27.04 OK
r-release-macos-x86_64 0.1.0 OK
r-release-windows-ix86+x86_64 0.1.0 6.00 36.00 42.00 OK
r-oldrel-macos-x86_64 0.1.0 OK
r-oldrel-windows-ix86+x86_64 0.1.0 4.00 39.00 43.00 OK

Check Details

Version: 0.1.0
Check: LazyData
Result: NOTE
     'LazyData' is specified without a 'data' directory
Flavors: r-devel-linux-x86_64-debian-clang, r-devel-linux-x86_64-debian-gcc, r-devel-linux-x86_64-fedora-clang, r-devel-linux-x86_64-fedora-gcc, r-devel-windows-ix86+x86_64, r-devel-windows-x86_64-gcc10-UCRT

Version: 0.1.0
Check: whether package can be installed
Result: WARN
    Found the following significant warnings:
     Rd warning: /tmp/Rtmp7ONVCk/R.INSTALLd635dc3a21d/Q7/man/pipe.Rd:10: file link ‘%>%’ in package ‘magrittr’ does not exist and so has been treated as a topic
Flavor: r-patched-linux-x86_64