CRAN Package Check Results for Package QAIG

Last updated on 2021-10-25 11:55:18 CEST.

Flavor Version Tinstall Tcheck Ttotal Status Flags
r-devel-linux-x86_64-debian-clang 0.1.7 2.11 25.78 27.89 NOTE
r-devel-linux-x86_64-debian-gcc 0.1.7 1.76 20.12 21.88 NOTE
r-devel-linux-x86_64-fedora-clang 0.1.7 45.43 NOTE
r-devel-linux-x86_64-fedora-gcc 0.1.7 34.61 NOTE
r-devel-windows-x86_64 0.1.7 4.00 45.00 49.00 NOTE
r-devel-windows-x86_64-gcc10-UCRT 0.1.7 NOTE
r-patched-linux-x86_64 0.1.7 2.21 24.81 27.02 NOTE
r-patched-solaris-x86 0.1.7 53.50 NOTE
r-release-linux-x86_64 0.1.7 2.15 24.70 26.85 NOTE
r-release-macos-arm64 0.1.7 NOTE
r-release-macos-x86_64 0.1.7 NOTE
r-release-windows-ix86+x86_64 0.1.7 5.00 44.00 49.00 NOTE
r-oldrel-macos-x86_64 0.1.7 OK
r-oldrel-windows-ix86+x86_64 0.1.7 5.00 45.00 50.00 OK

Check Details

Version: 0.1.7
Check: LazyData
Result: NOTE
     'LazyData' is specified without a 'data' directory
Flavors: r-devel-linux-x86_64-debian-clang, r-devel-linux-x86_64-debian-gcc, r-devel-linux-x86_64-fedora-clang, r-devel-linux-x86_64-fedora-gcc, r-devel-windows-x86_64, r-devel-windows-x86_64-gcc10-UCRT, r-patched-linux-x86_64, r-patched-solaris-x86, r-release-linux-x86_64, r-release-macos-arm64, r-release-macos-x86_64, r-release-windows-ix86+x86_64