CRAN Package Check Results for Package QQperm

Last updated on 2023-03-24 05:52:22 CET.

Flavor Version Tinstall Tcheck Ttotal Status Flags
r-devel-linux-x86_64-debian-clang 1.0.1 13.95 32.57 46.52 NOTE
r-devel-linux-x86_64-debian-gcc 1.0.1 12.43 25.51 37.94 NOTE
r-devel-linux-x86_64-fedora-clang 1.0.1 67.95 NOTE
r-devel-linux-x86_64-fedora-gcc 1.0.1 62.03 NOTE
r-devel-windows-x86_64 1.0.1 23.00 56.00 79.00 OK
r-patched-linux-x86_64 1.0.1 12.98 39.99 52.97 NOTE
r-release-linux-x86_64 1.0.1 12.86 40.11 52.97 NOTE
r-release-macos-arm64 1.0.1 26.00 OK
r-release-macos-x86_64 1.0.1 48.00 OK
r-release-windows-x86_64 1.0.1 18.00 57.00 75.00 OK
r-oldrel-macos-arm64 1.0.1 28.00 OK
r-oldrel-macos-x86_64 1.0.1 66.00 OK
r-oldrel-windows-ix86+x86_64 1.0.1 23.00 54.00 77.00 OK

Check Details

Version: 1.0.1
Check: for non-standard things in the check directory
Result: NOTE
    Found the following files/directories:
     ‘lambda.pdf’ ‘qqplot.pdf’
Flavors: r-devel-linux-x86_64-debian-clang, r-devel-linux-x86_64-debian-gcc, r-devel-linux-x86_64-fedora-clang, r-devel-linux-x86_64-fedora-gcc, r-patched-linux-x86_64, r-release-linux-x86_64