CRAN Package Check Results for Package QQperm

Last updated on 2022-08-15 19:51:25 CEST.

Flavor Version Tinstall Tcheck Ttotal Status Flags
r-devel-linux-x86_64-debian-clang 1.0.1 12.89 40.49 53.38 NOTE
r-devel-linux-x86_64-debian-gcc 1.0.1 11.11 30.30 41.41 NOTE
r-devel-linux-x86_64-fedora-clang 1.0.1 78.53 NOTE
r-devel-linux-x86_64-fedora-gcc 1.0.1 81.08 NOTE
r-devel-windows-x86_64 1.0.1 21.00 58.00 79.00 OK
r-patched-linux-x86_64 1.0.1 12.62 39.13 51.75 NOTE
r-release-linux-x86_64 1.0.1 12.29 39.95 52.24 NOTE
r-release-macos-arm64 1.0.1 26.00 OK
r-release-macos-x86_64 1.0.1 48.00 OK
r-release-windows-x86_64 1.0.1 18.00 57.00 75.00 OK
r-oldrel-macos-arm64 1.0.1 28.00 OK
r-oldrel-macos-x86_64 1.0.1 66.00 OK
r-oldrel-windows-ix86+x86_64 1.0.1 23.00 54.00 77.00 OK

Check Details

Version: 1.0.1
Check: for non-standard things in the check directory
Result: NOTE
    Found the following files/directories:
     'lambda.pdf' 'qqplot.pdf'
Flavors: r-devel-linux-x86_64-debian-clang, r-devel-linux-x86_64-debian-gcc, r-devel-linux-x86_64-fedora-clang, r-devel-linux-x86_64-fedora-gcc, r-patched-linux-x86_64, r-release-linux-x86_64