CRAN Package Check Results for Package QUALYPSO

Last updated on 2021-12-03 06:49:13 CET.

Flavor Version Tinstall Tcheck Ttotal Status Flags
r-devel-linux-x86_64-debian-clang 1.2 4.03 36.00 40.03 NOTE
r-devel-linux-x86_64-debian-gcc 1.2 2.19 28.49 30.68 NOTE
r-devel-linux-x86_64-fedora-clang 1.2 60.39 NOTE
r-devel-linux-x86_64-fedora-gcc 1.2 48.34 NOTE
r-devel-windows-x86_64-new-UL 1.2 10.00 74.00 84.00 NOTE
r-devel-windows-x86_64-new-TK 1.2 NOTE
r-devel-windows-x86_64-old 1.2 7.00 41.00 48.00 NOTE
r-patched-linux-x86_64 1.2 3.87 35.11 38.98 NOTE
r-patched-solaris-x86 1.2 75.90 NOTE
r-release-linux-x86_64 1.2 3.90 35.04 38.94 NOTE
r-release-macos-arm64 1.2 NOTE
r-release-macos-x86_64 1.2 NOTE
r-release-windows-ix86+x86_64 1.2 8.00 59.00 67.00 NOTE
r-oldrel-macos-x86_64 1.2 NOTE
r-oldrel-windows-ix86+x86_64 1.2 9.00 57.00 66.00 OK

Check Details

Version: 1.2
Check: LazyData
Result: NOTE
     'LazyData' is specified without a 'data' directory
Flavors: r-devel-linux-x86_64-debian-clang, r-devel-linux-x86_64-debian-gcc, r-devel-linux-x86_64-fedora-clang, r-devel-linux-x86_64-fedora-gcc, r-devel-windows-x86_64-new-UL, r-devel-windows-x86_64-new-TK, r-devel-windows-x86_64-old, r-patched-linux-x86_64, r-patched-solaris-x86, r-release-linux-x86_64, r-release-macos-arm64, r-release-macos-x86_64, r-release-windows-ix86+x86_64

Version: 1.2
Check: dependencies in R code
Result: NOTE
    Namespace in Imports field not imported from: ‘methods’
     All declared Imports should be used.
Flavors: r-devel-linux-x86_64-fedora-clang, r-devel-linux-x86_64-fedora-gcc, r-devel-windows-x86_64-new-TK, r-patched-solaris-x86, r-release-macos-arm64, r-release-macos-x86_64, r-oldrel-macos-x86_64