CRAN Package Check Results for Package QZ

Last updated on 2020-04-04 01:52:29 CEST.

Flavor Version Tinstall Tcheck Ttotal Status Flags
r-devel-linux-x86_64-debian-clang 0.1-9 12.60 73.16 85.76 OK
r-devel-linux-x86_64-debian-gcc 0.1-9 10.15 57.39 67.54 OK
r-devel-linux-x86_64-fedora-clang 0.1-9 105.44 OK
r-devel-linux-x86_64-fedora-gcc 0.1-9 104.98 OK
r-devel-windows-ix86+x86_64 0.1-9 44.00 104.00 148.00 OK
r-devel-windows-ix86+x86_64-gcc8 0.1-9 38.00 108.00 146.00 OK
r-patched-linux-x86_64 0.1-9 10.77 71.87 82.64 OK
r-patched-solaris-x86 0.1-9 162.90 OK
r-release-linux-x86_64 0.1-9 8.98 67.30 76.28 OK
r-release-windows-ix86+x86_64 0.1-9 39.00 143.00 182.00 OK
r-release-osx-x86_64 0.1-9 OK
r-oldrel-windows-ix86+x86_64 0.1-6 68.00 135.00 203.00 OK
r-oldrel-osx-x86_64 0.1-9 ERROR

Check Details

Version: 0.1-9
Check: whether package can be installed
Result: ERROR
    Installation failed.
Flavor: r-oldrel-osx-x86_64