CRAN Package Check Results for Package Qtools

Last updated on 2020-03-31 15:49:47 CEST.

Flavor Version Tinstall Tcheck Ttotal Status Flags
r-devel-linux-x86_64-debian-clang 1.5.1 40.34 136.44 176.78 OK
r-devel-linux-x86_64-debian-gcc 1.5.1 28.52 104.23 132.75 OK
r-devel-linux-x86_64-fedora-clang 1.5.1 210.86 OK
r-devel-linux-x86_64-fedora-gcc 1.5.1 205.51 OK
r-devel-windows-ix86+x86_64 1.5.1 59.00 168.00 227.00 OK
r-devel-windows-ix86+x86_64-gcc8 1.5.1 77.00 181.00 258.00 OK
r-patched-linux-x86_64 1.5.1 33.18 129.87 163.05 OK
r-patched-solaris-x86 1.5.1 258.30 WARN
r-release-linux-x86_64 1.5.1 31.13 118.63 149.76 OK
r-release-windows-ix86+x86_64 1.5.1 106.00 236.00 342.00 OK
r-release-osx-x86_64 1.5.1 WARN
r-oldrel-windows-ix86+x86_64 1.5.1 87.00 221.00 308.00 OK
r-oldrel-osx-x86_64 1.5.1 WARN

Check Details

Version: 1.5.1
Check: re-building of vignette outputs
Result: WARN
    Error(s) in re-building vignettes:
     ...
    --- re-building ‘Qtools.Rmd’ using rmarkdown
    Warning in engine$weave(file, quiet = quiet, encoding = enc) :
     Pandoc (>= 1.12.3) and/or pandoc-citeproc not available. Falling back to R Markdown v1.
    Quitting from lines 124-146 (Qtools.Rmd)
    Error: processing vignette 'Qtools.Rmd' failed with diagnostics:
    argument is of length zero
    --- failed re-building ‘Qtools.Rmd’
    
    SUMMARY: processing the following file failed:
     ‘Qtools.Rmd’
    
    Error: Vignette re-building failed.
    Execution halted
Flavors: r-patched-solaris-x86, r-release-osx-x86_64

Version: 1.5.1
Check: re-building of vignette outputs
Result: WARN
    Error in re-building vignettes:
     ...
    Warning in engine$weave(file, quiet = quiet, encoding = enc) :
     Pandoc (>= 1.12.3) and/or pandoc-citeproc not available. Falling back to R Markdown v1.
    Quitting from lines 124-146 (Qtools.Rmd)
    Error: processing vignette 'Qtools.Rmd' failed with diagnostics:
    argument is of length zero
    Execution halted
Flavor: r-oldrel-osx-x86_64