CRAN Package Check Results for Package Qtools

Last updated on 2022-01-25 18:51:51 CET.

Flavor Version Tinstall Tcheck Ttotal Status Flags
r-devel-linux-x86_64-debian-clang 1.5.5 45.68 199.21 244.89 OK
r-devel-linux-x86_64-debian-gcc 1.5.5 36.97 161.00 197.97 OK
r-devel-linux-x86_64-fedora-clang 1.5.5 290.96 OK
r-devel-linux-x86_64-fedora-gcc 1.5.5 280.44 OK
r-devel-windows-x86_64-new-UL 1.5.5 77.00 238.00 315.00 OK
r-devel-windows-x86_64-new-TK 1.5.5 OK
r-patched-linux-x86_64 1.5.5 48.16 178.34 226.50 OK
r-release-linux-x86_64 1.5.5 34.79 179.43 214.22 OK
r-release-macos-arm64 1.5.5 OK
r-release-macos-x86_64 1.5.5 WARN
r-release-windows-ix86+x86_64 1.5.5 103.00 273.00 376.00 OK
r-oldrel-macos-x86_64 1.5.5 WARN
r-oldrel-windows-ix86+x86_64 1.5.5 106.00 272.00 378.00 OK

Check Details

Version: 1.5.5
Check: re-building of vignette outputs
Result: WARN
    Error(s) in re-building vignettes:
     ...
    --- re-building ‘Qtools.Rmd’ using rmarkdown
    Warning in engine$weave(file, quiet = quiet, encoding = enc) :
     Pandoc (>= 1.12.3) not available. Falling back to R Markdown v1.
    Quitting from lines 124-146 (Qtools.Rmd)
    Error: processing vignette 'Qtools.Rmd' failed with diagnostics:
    argument is of length zero
    --- failed re-building ‘Qtools.Rmd’
    
    SUMMARY: processing the following file failed:
     ‘Qtools.Rmd’
    
    Error: Vignette re-building failed.
    Execution halted
Flavors: r-release-macos-x86_64, r-oldrel-macos-x86_64