CRAN Package Check Results for Package QuantTools

Last updated on 2019-03-23 11:51:20 CET.

Flavor Version Tinstall Tcheck Ttotal Status Flags
r-devel-linux-x86_64-debian-clang 0.5.7 118.46 44.88 163.34 NOTE
r-devel-linux-x86_64-debian-gcc 0.5.7 94.27 35.74 130.01 NOTE
r-devel-linux-x86_64-fedora-clang 0.5.7 254.18 NOTE
r-devel-linux-x86_64-fedora-gcc 0.5.7 220.47 NOTE
r-devel-windows-ix86+x86_64 0.5.7 342.00 112.00 454.00 NOTE
r-patched-linux-x86_64 0.5.7 114.76 41.36 156.12 OK
r-patched-solaris-x86 0.5.7 206.10 NOTE
r-release-linux-x86_64 0.5.7 0.62 2.75 3.37 ERROR
r-release-windows-ix86+x86_64 0.5.7 261.00 81.00 342.00 NOTE
r-release-osx-x86_64 0.5.7 NOTE
r-oldrel-windows-ix86+x86_64 0.5.7 323.00 102.00 425.00 NOTE
r-oldrel-osx-x86_64 0.5.7 NOTE

Check Details

Version: 0.5.7
Check: line endings in C/C++/Fortran sources/headers
Result: NOTE
    Found the following sources/headers with CR or CRLF line endings:
     inst/include/BackTest.h
    Some Unix compilers require LF line endings.
Flavors: r-devel-linux-x86_64-debian-clang, r-devel-linux-x86_64-debian-gcc, r-devel-linux-x86_64-fedora-clang, r-devel-linux-x86_64-fedora-gcc, r-devel-windows-ix86+x86_64

Version: 0.5.7
Check: installed package size
Result: NOTE
     installed size is 10.4Mb
     sub-directories of 1Mb or more:
     data 4.5Mb
     libs 5.1Mb
Flavors: r-devel-linux-x86_64-fedora-clang, r-devel-windows-ix86+x86_64, r-patched-solaris-x86, r-release-windows-ix86+x86_64, r-release-osx-x86_64, r-oldrel-windows-ix86+x86_64, r-oldrel-osx-x86_64

Version: 0.5.7
Check: whether package can be installed
Result: ERROR
    Installation failed.
Flavor: r-release-linux-x86_64