CRAN Package Check Results for Package QuantTools

Last updated on 2021-09-18 11:53:16 CEST.

Flavor Version Tinstall Tcheck Ttotal Status Flags
r-devel-linux-x86_64-debian-clang 0.5.7.1 154.16 52.61 206.77 OK
r-devel-linux-x86_64-debian-gcc 0.5.7.1 91.97 39.39 131.36 OK
r-devel-linux-x86_64-fedora-clang 0.5.7.1 301.34 NOTE
r-devel-linux-x86_64-fedora-gcc 0.5.7.1 261.15 OK
r-devel-windows-x86_64 0.5.7.1 126.00 82.00 208.00 NOTE
r-devel-windows-x86_64-gcc10-UCRT 0.5.7.1 OK
r-patched-linux-x86_64 0.5.7.1 103.77 49.86 153.63 OK
r-patched-solaris-x86 0.5.7.1 239.10 NOTE
r-release-linux-x86_64 0.5.7.1 117.86 50.15 168.01 OK
r-release-macos-arm64 0.5.7.1 NOTE
r-release-macos-x86_64 0.5.7.1 NOTE
r-release-windows-ix86+x86_64 0.5.7.1 335.00 100.00 435.00 NOTE
r-oldrel-macos-x86_64 0.5.7.1 NOTE
r-oldrel-windows-ix86+x86_64 0.5.7.1 357.00 77.00 434.00 NOTE

Additional issues

donttest

Check Details

Version: 0.5.7.1
Check: installed package size
Result: NOTE
     installed size is 9.6Mb
     sub-directories of 1Mb or more:
     data 4.5Mb
     libs 4.3Mb
Flavors: r-devel-linux-x86_64-fedora-clang, r-devel-windows-x86_64, r-patched-solaris-x86, r-release-macos-arm64, r-release-macos-x86_64, r-release-windows-ix86+x86_64, r-oldrel-macos-x86_64, r-oldrel-windows-ix86+x86_64