CRAN Package Check Results for Package QuantTools

Last updated on 2021-06-21 05:49:49 CEST.

Flavor Version Tinstall Tcheck Ttotal Status Flags
r-devel-linux-x86_64-debian-clang 0.5.7.1 148.84 52.44 201.28 OK
r-devel-linux-x86_64-debian-gcc 0.5.7.1 90.28 39.38 129.66 OK
r-devel-linux-x86_64-fedora-clang 0.5.7.1 304.02 NOTE
r-devel-linux-x86_64-fedora-gcc 0.5.7.1 244.98 OK
r-devel-windows-x86_64 0.5.7.1 182.00 76.00 258.00 NOTE
r-devel-windows-x86_64-gcc10-UCRT 0.5.7.1 OK
r-patched-linux-x86_64 0.5.7.1 117.22 49.67 166.89 OK
r-patched-solaris-x86 0.5.7.1 222.90 NOTE
r-release-linux-x86_64 0.5.7.1 108.53 49.78 158.31 OK
r-release-macos-arm64 0.5.7.1 NOTE
r-release-macos-x86_64 0.5.7.1 NOTE
r-release-windows-ix86+x86_64 0.5.7.1 333.00 101.00 434.00 NOTE
r-oldrel-macos-x86_64 0.5.7.1 NOTE

Additional issues

donttest

Check Details

Version: 0.5.7.1
Check: installed package size
Result: NOTE
     installed size is 10.0Mb
     sub-directories of 1Mb or more:
     data 4.5Mb
     libs 4.8Mb
Flavors: r-devel-linux-x86_64-fedora-clang, r-devel-windows-x86_64, r-patched-solaris-x86, r-release-macos-arm64, r-release-macos-x86_64, r-release-windows-ix86+x86_64, r-oldrel-macos-x86_64