CRAN Package Check Results for Package QuantTools

Last updated on 2019-06-19 18:52:50 CEST.

Flavor Version Tinstall Tcheck Ttotal Status Flags
r-devel-linux-x86_64-debian-clang 0.5.7 118.75 44.99 163.74 NOTE
r-devel-linux-x86_64-debian-gcc 0.5.7 91.87 35.70 127.57 NOTE
r-devel-linux-x86_64-fedora-clang 0.5.7 257.82 NOTE
r-devel-linux-x86_64-fedora-gcc 0.5.7 219.55 NOTE
r-devel-windows-ix86+x86_64 0.5.7 357.00 108.00 465.00 NOTE
r-patched-linux-x86_64 0.5.7 108.99 44.09 153.08 NOTE
r-patched-solaris-x86 0.5.7 216.50 NOTE
r-release-linux-x86_64 0.5.7 113.25 44.64 157.89 NOTE
r-release-windows-ix86+x86_64 0.5.7 341.00 111.00 452.00 NOTE
r-release-osx-x86_64 0.5.7 NOTE
r-oldrel-windows-ix86+x86_64 0.5.7 232.00 105.00 337.00 NOTE
r-oldrel-osx-x86_64 0.5.7 NOTE

Check Details

Version: 0.5.7
Check: line endings in C/C++/Fortran sources/headers
Result: NOTE
    Found the following sources/headers with CR or CRLF line endings:
     inst/include/BackTest.h
    Some Unix compilers require LF line endings.
Flavors: r-devel-linux-x86_64-debian-clang, r-devel-linux-x86_64-debian-gcc, r-devel-linux-x86_64-fedora-clang, r-devel-linux-x86_64-fedora-gcc, r-devel-windows-ix86+x86_64, r-patched-linux-x86_64, r-patched-solaris-x86, r-release-linux-x86_64, r-release-windows-ix86+x86_64, r-release-osx-x86_64

Version: 0.5.7
Check: installed package size
Result: NOTE
     installed size is 10.0Mb
     sub-directories of 1Mb or more:
     data 4.5Mb
     libs 4.7Mb
Flavors: r-devel-linux-x86_64-fedora-clang, r-devel-windows-ix86+x86_64, r-patched-solaris-x86, r-release-windows-ix86+x86_64, r-release-osx-x86_64, r-oldrel-windows-ix86+x86_64, r-oldrel-osx-x86_64