CRAN Package Check Results for Package QuantTools

Last updated on 2019-01-22 13:50:58 CET.

Flavor Version Tinstall Tcheck Ttotal Status Flags
r-devel-linux-x86_64-debian-clang 0.5.7 112.99 44.60 157.59 NOTE
r-devel-linux-x86_64-debian-gcc 0.5.7 103.95 34.74 138.69 NOTE
r-devel-linux-x86_64-fedora-clang 0.5.7 251.57 NOTE
r-devel-linux-x86_64-fedora-gcc 0.5.7 217.51 NOTE
r-devel-windows-ix86+x86_64 0.5.7 348.00 101.00 449.00 NOTE
r-patched-linux-x86_64 0.5.7 123.40 41.37 164.77 OK
r-patched-solaris-x86 0.5.7 217.80 NOTE
r-release-linux-x86_64 0.5.7 121.60 41.34 162.94 OK
r-release-windows-ix86+x86_64 0.5.7 336.00 109.00 445.00 NOTE
r-release-osx-x86_64 0.5.7 NOTE
r-oldrel-windows-ix86+x86_64 0.5.7 324.00 74.00 398.00 NOTE
r-oldrel-osx-x86_64 0.5.7 NOTE

Check Details

Version: 0.5.7
Check: line endings in C/C++/Fortran sources/headers
Result: NOTE
    Found the following sources/headers with CR or CRLF line endings:
     inst/include/BackTest.h
    Some Unix compilers require LF line endings.
Flavors: r-devel-linux-x86_64-debian-clang, r-devel-linux-x86_64-debian-gcc, r-devel-linux-x86_64-fedora-clang, r-devel-linux-x86_64-fedora-gcc, r-devel-windows-ix86+x86_64

Version: 0.5.7
Check: installed package size
Result: NOTE
     installed size is 10.4Mb
     sub-directories of 1Mb or more:
     data 4.5Mb
     libs 5.1Mb
Flavors: r-devel-linux-x86_64-fedora-clang, r-devel-windows-ix86+x86_64, r-patched-solaris-x86, r-release-windows-ix86+x86_64, r-release-osx-x86_64, r-oldrel-windows-ix86+x86_64, r-oldrel-osx-x86_64