Last updated on 2021-02-25 05:48:32 CET.
Flavor | Version | Tinstall | Tcheck | Ttotal | Status | Flags |
---|---|---|---|---|---|---|
r-devel-linux-x86_64-debian-clang | 0.5.7.1 | 158.04 | 53.79 | 211.83 | OK | |
r-devel-linux-x86_64-debian-gcc | 0.5.7.1 | 91.49 | 40.38 | 131.87 | OK | |
r-devel-linux-x86_64-fedora-clang | 0.5.7.1 | 302.05 | NOTE | |||
r-devel-linux-x86_64-fedora-gcc | 0.5.7.1 | 247.40 | OK | |||
r-devel-windows-ix86+x86_64 | 0.5.7.1 | 243.00 | 78.00 | 321.00 | NOTE | |
r-patched-linux-x86_64 | 0.5.7.1 | 111.80 | 50.03 | 161.83 | OK | |
r-patched-solaris-x86 | 0.5.7.1 | 218.90 | NOTE | |||
r-release-linux-x86_64 | 0.5.7.1 | 114.50 | 49.94 | 164.44 | OK | |
r-release-macos-x86_64 | 0.5.7.1 | NOTE | ||||
r-release-windows-ix86+x86_64 | 0.5.7.1 | 339.00 | 94.00 | 433.00 | NOTE | |
r-oldrel-macos-x86_64 | 0.5.7.1 | NOTE | ||||
r-oldrel-windows-ix86+x86_64 | 0.5.7.1 | 240.00 | 99.00 | 339.00 | NOTE |
Version: 0.5.7.1
Check: installed package size
Result: NOTE
installed size is 11.2Mb
sub-directories of 1Mb or more:
data 4.5Mb
libs 5.9Mb
Flavors: r-devel-linux-x86_64-fedora-clang, r-devel-windows-ix86+x86_64, r-patched-solaris-x86, r-release-macos-x86_64, r-release-windows-ix86+x86_64, r-oldrel-macos-x86_64, r-oldrel-windows-ix86+x86_64