CRAN Package Check Results for Package QuantifQuantile

Last updated on 2019-07-16 07:51:00 CEST.

Flavor Version Tinstall Tcheck Ttotal Status Flags
r-devel-linux-x86_64-debian-clang 2.2 4.35 51.38 55.73 OK
r-devel-linux-x86_64-debian-gcc 2.2 3.55 39.20 42.75 OK
r-devel-linux-x86_64-fedora-clang 2.2 63.94 OK
r-devel-linux-x86_64-fedora-gcc 2.2 62.59 OK
r-devel-windows-ix86+x86_64 2.2 16.00 89.00 105.00 OK
r-patched-linux-x86_64 2.2 4.95 50.00 54.95 OK
r-patched-solaris-x86 2.2 99.20 OK
r-release-linux-x86_64 2.2 4.22 49.34 53.56 OK
r-release-windows-ix86+x86_64 2.2 10.00 66.00 76.00 OK
r-release-osx-x86_64 2.2 WARN
r-oldrel-windows-ix86+x86_64 2.2 9.00 80.00 89.00 OK
r-oldrel-osx-x86_64 2.2 OK

Check Details

Version: 2.2
Check: whether package can be installed
Result: WARN
    Found the following significant warnings:
     Warning: 'rgl_init' failed, running with rgl.useNULL = TRUE
Flavor: r-release-osx-x86_64