CRAN Package Check Results for Package R.SamBada

Last updated on 2019-06-20 13:47:01 CEST.

Flavor Version Tinstall Tcheck Ttotal Status Flags
r-devel-linux-x86_64-debian-clang 0.1.1 5.32 44.71 50.03 NOTE
r-devel-linux-x86_64-debian-gcc 0.1.1 3.79 35.65 39.44 NOTE
r-devel-linux-x86_64-fedora-clang 0.1.1 59.12 NOTE
r-devel-linux-x86_64-fedora-gcc 0.1.1 56.39 NOTE
r-devel-windows-ix86+x86_64 0.1.1 12.00 94.00 106.00 OK
r-patched-linux-x86_64 0.1.1 4.28 44.36 48.64 OK
r-patched-solaris-x86 0.1.1 4.20 ERROR
r-release-linux-x86_64 0.1.1 4.17 44.48 48.65 OK
r-release-windows-ix86+x86_64 0.1.1 8.00 91.00 99.00 OK
r-release-osx-x86_64 0.1.1 ERROR
r-oldrel-windows-ix86+x86_64 0.1.1 11.00 73.00 84.00 OK
r-oldrel-osx-x86_64 0.1.1 OK

Check Details

Version: 0.1.1
Check: for non-standard things in the check directory
Result: NOTE
    Found the following files/directories:
     'Sambada-error-log-20190618-190810.txt'
Flavor: r-devel-linux-x86_64-debian-clang

Version: 0.1.1
Check: for non-standard things in the check directory
Result: NOTE
    Found the following files/directories:
     ‘Sambada-error-log-20190620-055830.txt’
Flavor: r-devel-linux-x86_64-debian-gcc

Version: 0.1.1
Check: for non-standard things in the check directory
Result: NOTE
    Found the following files/directories:
     ‘Sambada-error-log-20190615-112113.txt’
Flavor: r-devel-linux-x86_64-fedora-clang

Version: 0.1.1
Check: for non-standard things in the check directory
Result: NOTE
    Found the following files/directories:
     ‘Sambada-error-log-20190616-091840.txt’
Flavor: r-devel-linux-x86_64-fedora-gcc

Version: 0.1.1
Check: package dependencies
Result: ERROR
    Packages required but not available: 'SNPRelate', 'gdsfmt'
    
    See section ‘The DESCRIPTION file’ in the ‘Writing R Extensions’
    manual.
Flavor: r-patched-solaris-x86

Version: 0.1.1
Check: package dependencies
Result: ERROR
    Packages required but not available: 'SNPRelate', 'gdsfmt'
    
    Package suggested but not available for checking: ‘biomaRt’
    
    See section ‘The DESCRIPTION file’ in the ‘Writing R Extensions’
    manual.
Flavor: r-release-osx-x86_64