CRAN Package Check Results for Package R.SamBada

Last updated on 2019-09-23 11:48:28 CEST.

Flavor Version Tinstall Tcheck Ttotal Status Flags
r-devel-linux-x86_64-debian-clang 0.1.1 6.17 44.92 51.09 NOTE
r-devel-linux-x86_64-debian-gcc 0.1.1 4.15 35.50 39.65 NOTE
r-devel-linux-x86_64-fedora-clang 0.1.1 59.46 NOTE
r-devel-linux-x86_64-fedora-gcc 0.1.1 59.57 NOTE
r-devel-windows-ix86+x86_64 0.1.1 18.00 93.00 111.00 OK
r-patched-linux-x86_64 0.1.1 5.13 42.97 48.10 OK
r-release-linux-x86_64 0.1.1 4.53 44.17 48.70 OK
r-release-windows-ix86+x86_64 0.1.1 13.00 87.00 100.00 OK
r-release-osx-x86_64 0.1.1 ERROR
r-oldrel-windows-ix86+x86_64 0.1.1 6.00 66.00 72.00 OK
r-oldrel-osx-x86_64 0.1.1 OK

Check Details

Version: 0.1.1
Check: for non-standard things in the check directory
Result: NOTE
    Found the following files/directories:
     'Sambada-error-log-20190922-192754.txt'
Flavor: r-devel-linux-x86_64-debian-clang

Version: 0.1.1
Check: for non-standard things in the check directory
Result: NOTE
    Found the following files/directories:
     ‘Sambada-error-log-20190922-181441.txt’
Flavor: r-devel-linux-x86_64-debian-gcc

Version: 0.1.1
Check: for non-standard things in the check directory
Result: NOTE
    Found the following files/directories:
     ‘Sambada-error-log-20190921-135718.txt’
Flavor: r-devel-linux-x86_64-fedora-clang

Version: 0.1.1
Check: for non-standard things in the check directory
Result: NOTE
    Found the following files/directories:
     ‘Sambada-error-log-20190922-132422.txt’
Flavor: r-devel-linux-x86_64-fedora-gcc

Version: 0.1.1
Check: package dependencies
Result: ERROR
    Packages required but not available: 'SNPRelate', 'gdsfmt'
    
    Package suggested but not available for checking: ‘biomaRt’
    
    See section ‘The DESCRIPTION file’ in the ‘Writing R Extensions’
    manual.
Flavor: r-release-osx-x86_64