CRAN Package Check Results for Package R.rsp

Last updated on 2023-09-26 14:05:05 CEST.

Flavor Version Tinstall Tcheck Ttotal Status Flags
r-devel-linux-x86_64-debian-clang 0.45.0 13.92 181.12 195.04 NOTE
r-devel-linux-x86_64-debian-gcc 0.45.0 11.17 139.29 150.46 NOTE
r-devel-linux-x86_64-fedora-clang 0.45.0 247.67 NOTE
r-devel-linux-x86_64-fedora-gcc 0.45.0 263.00 NOTE
r-devel-windows-x86_64 0.45.0 15.00 778.00 793.00 NOTE
r-patched-linux-x86_64 0.45.0 17.79 175.45 193.24 OK
r-release-linux-x86_64 0.45.0 16.60 179.78 196.38 OK
r-release-macos-arm64 0.45.0 97.00 OK
r-release-macos-x86_64 0.45.0 143.00 OK
r-release-windows-x86_64 0.45.0 20.00 847.00 867.00 OK
r-oldrel-macos-arm64 0.45.0 90.00 OK
r-oldrel-macos-x86_64 0.45.0 119.00 OK
r-oldrel-windows-x86_64 0.45.0 19.00 998.00 1017.00 OK

Check Details

Version: 0.45.0
Check: Rd \usage sections
Result: NOTE
    Documented arguments not in \usage in documentation object '[.RspDocument':
     ‘...’
    
    Documented arguments not in \usage in documentation object 'RspEvalDirective':
     ‘attributes’
    
    Documented arguments not in \usage in documentation object 'RspExpression':
     ‘object’
    
    Documented arguments not in \usage in documentation object 'RspIncludeDirective':
     ‘attributes’
    
    Documented arguments not in \usage in documentation object 'buildNonSweaveVignette':
     ‘pathname’
    
    Documented arguments not in \usage in documentation object 'buildNonSweaveVignettes':
     ‘path’ ‘pattern’
    
    Documented arguments not in \usage in documentation object 'exprToCode.RspSourceCodeFactory':
     ‘expr’
    
    Documented arguments not in \usage in documentation object 'getContent.RspText':
     ‘unescaped’
    
    Documented arguments not in \usage in documentation object 'toSourceCode.RspSourceCodeFactory':
     ‘expr’
    
    Documented arguments not in \usage in documentation object 'trim.RspDocument':
     ‘envir’
    
    Documented arguments not in \usage in documentation object 'writeResponse.RspResponse':
     ‘collapse’ ‘sep’
    
    Functions with \usage entries need to have the appropriate \alias
    entries, and all their arguments documented.
    The \usage entries must correspond to syntactically valid R code.
    See chapter ‘Writing R documentation files’ in the ‘Writing R
    Extensions’ manual.
Flavors: r-devel-linux-x86_64-debian-clang, r-devel-linux-x86_64-debian-gcc, r-devel-linux-x86_64-fedora-clang, r-devel-linux-x86_64-fedora-gcc, r-devel-windows-x86_64