CRAN Package Check Results for Package R.rsp

Last updated on 2019-12-10 08:48:32 CET.

Flavor Version Tinstall Tcheck Ttotal Status Flags
r-devel-linux-x86_64-debian-clang 0.43.2 12.61 147.75 160.36 OK
r-devel-linux-x86_64-debian-gcc 0.43.2 11.09 118.27 129.36 OK
r-devel-linux-x86_64-fedora-clang 0.43.2 218.45 OK
r-devel-linux-x86_64-fedora-gcc 0.43.2 204.65 OK
r-devel-windows-ix86+x86_64 0.43.2 27.00 349.00 376.00 OK
r-devel-windows-ix86+x86_64-gcc8 0.43.2 23.00 341.00 364.00 OK
r-patched-linux-x86_64 0.43.2 13.01 137.91 150.92 OK
r-patched-solaris-x86 0.43.2 252.30 OK
r-release-linux-x86_64 0.43.2 11.74 138.79 150.53 OK
r-release-windows-ix86+x86_64 0.43.2 23.00 300.00 323.00 OK
r-release-osx-x86_64 0.43.2 NOTE
r-oldrel-windows-ix86+x86_64 0.43.2 21.00 296.00 317.00 OK
r-oldrel-osx-x86_64 0.43.2 NOTE

Check Details

Version: 0.43.2
Check: dependencies in R code
Result: NOTE
    No protocol specified
    No protocol specified
Flavors: r-release-osx-x86_64, r-oldrel-osx-x86_64