CRAN Package Check Results for Package R.rsp

Last updated on 2020-10-01 21:47:14 CEST.

Flavor Version Tinstall Tcheck Ttotal Status Flags
r-devel-linux-x86_64-debian-clang 0.44.0 12.03 162.50 174.53 OK
r-devel-linux-x86_64-debian-gcc 0.44.0 12.51 126.39 138.90 OK
r-devel-linux-x86_64-fedora-clang 0.44.0 220.92 OK
r-devel-linux-x86_64-fedora-gcc 0.44.0 210.24 OK
r-devel-windows-ix86+x86_64 0.44.0 23.00 397.00 420.00 OK
r-patched-linux-x86_64 0.44.0 13.60 157.08 170.68 OK
r-patched-solaris-x86 0.44.0 284.30 OK
r-release-linux-x86_64 0.44.0 14.56 157.60 172.16 OK
r-release-macos-x86_64 0.44.0 OK
r-release-windows-ix86+x86_64 0.44.0 19.00 374.00 393.00 OK
r-oldrel-macos-x86_64 0.44.0 NOTE
r-oldrel-windows-ix86+x86_64 0.44.0 41.00 385.00 426.00 OK

Check Details

Version: 0.44.0
Check: dependencies in R code
Result: NOTE
    No protocol specified
    No protocol specified
Flavor: r-oldrel-macos-x86_64