CRAN Package Check Results for Package R.rsp

Last updated on 2019-10-15 13:47:04 CEST.

Flavor Version Tinstall Tcheck Ttotal Status Flags
r-devel-linux-x86_64-debian-clang 0.43.1 12.91 139.50 152.41 NOTE
r-devel-linux-x86_64-debian-gcc 0.43.1 10.40 112.20 122.60 NOTE
r-devel-linux-x86_64-fedora-clang 0.43.1 193.04 NOTE
r-devel-linux-x86_64-fedora-gcc 0.43.1 197.01 NOTE
r-devel-windows-ix86+x86_64 0.43.1 47.00 441.00 488.00 OK
r-patched-linux-x86_64 0.43.1 13.34 139.59 152.93 OK
r-patched-solaris-x86 0.43.1 253.00 OK
r-release-linux-x86_64 0.43.1 12.19 139.99 152.18 OK
r-release-windows-ix86+x86_64 0.43.1 37.00 537.00 574.00 OK
r-release-osx-x86_64 0.43.1 FAIL
r-oldrel-windows-ix86+x86_64 0.43.1 20.00 515.00 535.00 OK
r-oldrel-osx-x86_64 0.43.1 OK

Check Details

Version: 0.43.1
Check: for non-standard things in the check directory
Result: NOTE
    Found the following files/directories:
     'random-args.txt' 'random.txt'
Flavors: r-devel-linux-x86_64-debian-clang, r-devel-linux-x86_64-debian-gcc, r-devel-linux-x86_64-fedora-clang, r-devel-linux-x86_64-fedora-gcc

Version: 0.43.1
Check: dependencies in R code
Result: FAIL
    
Flavor: r-release-osx-x86_64