Last updated on 2023-06-05 00:55:32 CEST.
Flavor | Version | Tinstall | Tcheck | Ttotal | Status | Flags |
---|---|---|---|---|---|---|
r-devel-linux-x86_64-debian-clang | 0.1.3 | 9.80 | 155.68 | 165.48 | OK | |
r-devel-linux-x86_64-debian-gcc | 0.1.3 | 7.75 | 114.35 | 122.10 | OK | |
r-devel-linux-x86_64-fedora-clang | 0.1.3 | 202.71 | NOTE | |||
r-devel-linux-x86_64-fedora-gcc | 0.1.3 | 208.54 | NOTE | |||
r-devel-windows-x86_64 | 0.1.3 | 13.00 | 123.00 | 136.00 | OK | |
r-patched-linux-x86_64 | 0.1.3 | 15.13 | 144.10 | 159.23 | OK | |
r-release-linux-x86_64 | 0.1.3 | 9.65 | 145.35 | 155.00 | OK | |
r-release-macos-arm64 | 0.1.3 | 62.00 | OK | |||
r-release-macos-x86_64 | 0.1.3 | 110.00 | OK | |||
r-release-windows-x86_64 | 0.1.3 | 17.00 | 156.00 | 173.00 | OK | |
r-oldrel-macos-arm64 | 0.1.3 | 35.00 | NOTE | |||
r-oldrel-macos-x86_64 | 0.1.3 | 80.00 | NOTE | |||
r-oldrel-windows-x86_64 | 0.1.3 | 17.00 | 150.00 | 167.00 | OK |
Version: 0.1.3
Check: dependencies in R code
Result: NOTE
Namespace in Imports field not imported from: ‘testthat’
All declared Imports should be used.
Flavors: r-devel-linux-x86_64-fedora-clang, r-devel-linux-x86_64-fedora-gcc, r-oldrel-macos-arm64, r-oldrel-macos-x86_64