CRAN Package Check Results for Package R2DT

Last updated on 2024-07-21 08:49:26 CEST.

Flavor Version Tinstall Tcheck Ttotal Status Flags
r-devel-linux-x86_64-debian-clang 0.2 4.14 43.18 47.32 NOTE
r-devel-linux-x86_64-debian-gcc 0.2 3.95 31.86 35.81 NOTE
r-devel-linux-x86_64-fedora-clang 0.2 60.26 NOTE
r-devel-linux-x86_64-fedora-gcc 0.2 59.72 NOTE
r-devel-windows-x86_64 0.2 7.00 55.00 62.00 NOTE
r-patched-linux-x86_64 0.2 3.83 41.35 45.18 NOTE
r-release-linux-x86_64 0.2 4.09 40.15 44.24 NOTE
r-release-macos-arm64 0.2 18.00 NOTE
r-release-macos-x86_64 0.2 28.00 NOTE
r-release-windows-x86_64 0.2 5.00 54.00 59.00 NOTE
r-oldrel-macos-arm64 0.2 20.00 NOTE
r-oldrel-macos-x86_64 0.2 31.00 NOTE
r-oldrel-windows-x86_64 0.2 6.00 58.00 64.00 NOTE

Additional issues

donttest

Check Details

Version: 0.2
Check: LazyData
Result: NOTE 'LazyData' is specified without a 'data' directory Flavors: r-devel-linux-x86_64-debian-clang, r-devel-linux-x86_64-debian-gcc, r-devel-linux-x86_64-fedora-clang, r-devel-linux-x86_64-fedora-gcc, r-devel-windows-x86_64, r-patched-linux-x86_64, r-release-linux-x86_64, r-release-macos-arm64, r-release-macos-x86_64, r-release-windows-x86_64, r-oldrel-macos-arm64, r-oldrel-macos-x86_64, r-oldrel-windows-x86_64