CRAN Package Check Results for Package R2OpenBUGS

Last updated on 2022-01-20 14:55:40 CET.

Flavor Version Tinstall Tcheck Ttotal Status Flags
r-devel-linux-x86_64-debian-clang 3.2-3.2.1 NOTE
r-devel-linux-x86_64-debian-gcc 3.2-3.2.1 3.57 40.54 44.11 NOTE
r-devel-linux-x86_64-fedora-clang 3.2-3.2.1 74.92 OK
r-devel-linux-x86_64-fedora-gcc 3.2-3.2.1 60.65 OK
r-devel-windows-x86_64-new-UL 3.2-3.2.1 130.00 96.00 226.00 OK
r-devel-windows-x86_64-new-TK 3.2-3.2.1 OK
r-patched-linux-x86_64 3.2-3.2.1 3.66 51.47 55.13 NOTE
r-release-linux-x86_64 3.2-3.2.1 3.76 51.41 55.17 NOTE
r-release-macos-arm64 3.2-3.2.1 OK
r-release-macos-x86_64 3.2-3.2.1 OK
r-release-windows-ix86+x86_64 3.2-3.2.1 8.00 60.00 68.00 OK
r-oldrel-macos-x86_64 3.2-3.2.1 OK
r-oldrel-windows-ix86+x86_64 3.2-3.2.1 8.00 61.00 69.00 OK

Check Details

Version: 3.2-3.2.1
Check: R code for possible problems
Result: NOTE
    Found the following calls to attach():
    File 'R2OpenBUGS/R/attach.all.R':
     attach(x, name = name)
    See section 'Good practice' in '?attach'.
Flavors: r-devel-linux-x86_64-debian-clang, r-devel-linux-x86_64-debian-gcc, r-patched-linux-x86_64, r-release-linux-x86_64