CRAN Package Check Results for Package R2OpenBUGS

Last updated on 2019-10-16 08:51:40 CEST.

Flavor Version Tinstall Tcheck Ttotal Status Flags
r-devel-linux-x86_64-debian-clang 3.2-3.2 4.55 37.72 42.27 NOTE
r-devel-linux-x86_64-debian-gcc 3.2-3.2 3.59 29.77 33.36 NOTE
r-devel-linux-x86_64-fedora-clang 3.2-3.2 53.53 OK
r-devel-linux-x86_64-fedora-gcc 3.2-3.2 53.48 OK
r-devel-windows-ix86+x86_64 3.2-3.2 10.00 70.00 80.00 OK
r-patched-linux-x86_64 3.2-3.2 3.55 37.57 41.12 NOTE
r-patched-solaris-x86 3.2-3.2 69.90 OK --no-tests
r-release-linux-x86_64 3.2-3.2 4.50 37.69 42.19 NOTE
r-release-windows-ix86+x86_64 3.2-3.2 7.00 85.00 92.00 OK
r-release-osx-x86_64 3.2-3.2 OK
r-oldrel-windows-ix86+x86_64 3.2-3.2 5.00 54.00 59.00 OK
r-oldrel-osx-x86_64 3.2-3.2 OK

Check Details

Version: 3.2-3.2
Check: R code for possible problems
Result: NOTE
    Found the following calls to attach():
    File 'R2OpenBUGS/R/attach.all.R':
     attach(x, name = name)
    See section 'Good practice' in '?attach'.
Flavors: r-devel-linux-x86_64-debian-clang, r-devel-linux-x86_64-debian-gcc, r-patched-linux-x86_64, r-release-linux-x86_64