CRAN Package Check Results for Package R2OpenBUGS

Last updated on 2020-08-09 16:48:04 CEST.

Flavor Version Tinstall Tcheck Ttotal Status Flags
r-devel-linux-x86_64-debian-clang 3.2-3.2.1 4.60 40.75 45.35 NOTE
r-devel-linux-x86_64-debian-gcc 3.2-3.2.1 3.54 31.46 35.00 NOTE
r-devel-linux-x86_64-fedora-clang 3.2-3.2.1 62.58 OK
r-devel-linux-x86_64-fedora-gcc 3.2-3.2.1 53.26 OK
r-devel-windows-ix86+x86_64 3.2-3.2.1 12.00 72.00 84.00 OK
r-patched-linux-x86_64 3.2-3.2.1 4.30 40.61 44.91 NOTE
r-patched-solaris-x86 3.2-3.2.1 72.80 OK --no-tests
r-release-linux-x86_64 3.2-3.2.1 3.67 40.42 44.09 NOTE
r-release-macos-x86_64 3.2-3.2.1 OK
r-release-windows-ix86+x86_64 3.2-3.2.1 11.00 56.00 67.00 OK
r-oldrel-macos-x86_64 3.2-3.2.1 OK
r-oldrel-windows-ix86+x86_64 3.2-3.2.1 6.00 67.00 73.00 OK

Check Details

Version: 3.2-3.2.1
Check: R code for possible problems
Result: NOTE
    Found the following calls to attach():
    File 'R2OpenBUGS/R/attach.all.R':
     attach(x, name = name)
    See section 'Good practice' in '?attach'.
Flavors: r-devel-linux-x86_64-debian-clang, r-devel-linux-x86_64-debian-gcc, r-patched-linux-x86_64, r-release-linux-x86_64