CRAN Package Check Results for Package R2OpenBUGS

Last updated on 2019-12-15 05:47:50 CET.

Flavor Version Tinstall Tcheck Ttotal Status Flags
r-devel-linux-x86_64-debian-clang 3.2-3.2 4.17 40.13 44.30 NOTE
r-devel-linux-x86_64-debian-gcc 3.2-3.2 3.88 31.66 35.54 NOTE
r-devel-linux-x86_64-fedora-clang 3.2-3.2 56.69 OK
r-devel-linux-x86_64-fedora-gcc 3.2-3.2 55.46 OK
r-devel-windows-ix86+x86_64 3.2-3.2 10.00 58.00 68.00 OK
r-devel-windows-ix86+x86_64-gcc8 3.2-3.2 10.00 78.00 88.00 OK
r-patched-linux-x86_64 3.2-3.2 3.94 37.48 41.42 NOTE
r-patched-solaris-x86 3.2-3.2 68.00 OK --no-tests
r-release-linux-x86_64 3.2-3.2 3.67 37.86 41.53 NOTE
r-release-windows-ix86+x86_64 3.2-3.2 9.00 54.00 63.00 OK
r-release-osx-x86_64 3.2-3.2 OK
r-oldrel-windows-ix86+x86_64 3.2-3.2 7.00 53.00 60.00 OK
r-oldrel-osx-x86_64 3.2-3.2 OK

Check Details

Version: 3.2-3.2
Check: R code for possible problems
Result: NOTE
    Found the following calls to attach():
    File 'R2OpenBUGS/R/attach.all.R':
     attach(x, name = name)
    See section 'Good practice' in '?attach'.
Flavors: r-devel-linux-x86_64-debian-clang, r-devel-linux-x86_64-debian-gcc, r-patched-linux-x86_64, r-release-linux-x86_64