CRAN Package Check Results for Package R2OpenBUGS

Last updated on 2022-12-02 19:49:47 CET.

Flavor Version Tinstall Tcheck Ttotal Status Flags
r-devel-linux-x86_64-debian-clang 3.2-3.2.1 4.43 47.57 52.00 NOTE
r-devel-linux-x86_64-debian-gcc 3.2-3.2.1 3.47 37.49 40.96 NOTE
r-devel-linux-x86_64-fedora-clang 3.2-3.2.1 77.88 OK
r-devel-linux-x86_64-fedora-gcc 3.2-3.2.1 75.36 OK
r-devel-windows-x86_64 3.2-3.2.1 80.00 105.00 185.00 OK
r-patched-linux-x86_64 3.2-3.2.1 4.97 44.73 49.70 NOTE
r-release-linux-x86_64 3.2-3.2.1 3.42 45.34 48.76 NOTE
r-release-macos-arm64 3.2-3.2.1 24.00 OK
r-release-macos-x86_64 3.2-3.2.1 34.00 OK
r-release-windows-x86_64 3.2-3.2.1 67.00 103.00 170.00 OK
r-oldrel-macos-arm64 3.2-3.2.1 31.00 OK
r-oldrel-macos-x86_64 3.2-3.2.1 41.00 OK
r-oldrel-windows-ix86+x86_64 3.2-3.2.1 8.00 73.00 81.00 OK

Check Details

Version: 3.2-3.2.1
Check: R code for possible problems
Result: NOTE
    Found the following calls to attach():
    File 'R2OpenBUGS/R/attach.all.R':
     attach(x, name = name)
    See section 'Good practice' in '?attach'.
Flavors: r-devel-linux-x86_64-debian-clang, r-devel-linux-x86_64-debian-gcc, r-patched-linux-x86_64, r-release-linux-x86_64