CRAN Package Check Results for Package R2OpenBUGS

Last updated on 2020-06-07 08:49:30 CEST.

Flavor Version Tinstall Tcheck Ttotal Status Flags
r-devel-linux-x86_64-debian-clang 3.2-3.2.1 4.37 40.24 44.61 NOTE
r-devel-linux-x86_64-debian-gcc 3.2-3.2.1 3.78 31.45 35.23 NOTE
r-devel-linux-x86_64-fedora-clang 3.2-3.2.1 63.49 OK
r-devel-linux-x86_64-fedora-gcc 3.2-3.2.1 54.70 OK
r-devel-windows-ix86+x86_64 3.2-3.2.1 12.00 55.00 67.00 OK
r-patched-linux-x86_64 3.2-3.2.1 4.17 40.35 44.52 NOTE
r-patched-solaris-x86 3.2-3.2.1 74.20 OK --no-tests
r-release-linux-x86_64 3.2-3.2.1 4.08 40.26 44.34 NOTE
r-release-osx-x86_64 3.2-3.2.1 OK
r-release-windows-ix86+x86_64 3.2-3.2.1 8.00 79.00 87.00 OK
r-oldrel-osx-x86_64 3.2-3.2.1 OK
r-oldrel-windows-ix86+x86_64 3.2-3.2.1 14.00 52.00 66.00 OK

Check Details

Version: 3.2-3.2.1
Check: R code for possible problems
Result: NOTE
    Found the following calls to attach():
    File 'R2OpenBUGS/R/attach.all.R':
     attach(x, name = name)
    See section 'Good practice' in '?attach'.
Flavors: r-devel-linux-x86_64-debian-clang, r-devel-linux-x86_64-debian-gcc, r-patched-linux-x86_64, r-release-linux-x86_64