CRAN Package Check Results for Package R2OpenBUGS

Last updated on 2020-10-26 16:51:14 CET.

Flavor Version Tinstall Tcheck Ttotal Status Flags
r-devel-linux-x86_64-debian-clang 3.2-3.2.1 4.03 42.49 46.52 NOTE
r-devel-linux-x86_64-debian-gcc 3.2-3.2.1 3.20 32.49 35.69 NOTE
r-devel-linux-x86_64-fedora-clang 3.2-3.2.1 65.34 OK
r-devel-linux-x86_64-fedora-gcc 3.2-3.2.1 59.23 OK
r-devel-windows-ix86+x86_64 3.2-3.2.1 7.00 64.00 71.00 OK
r-patched-linux-x86_64 3.2-3.2.1 3.81 40.38 44.19 NOTE
r-patched-solaris-x86 3.2-3.2.1 75.00 OK --no-tests
r-release-linux-x86_64 3.2-3.2.1 5.13 40.64 45.77 NOTE
r-release-macos-x86_64 3.2-3.2.1 OK
r-release-windows-ix86+x86_64 3.2-3.2.1 7.00 47.00 54.00 OK
r-oldrel-macos-x86_64 3.2-3.2.1 OK
r-oldrel-windows-ix86+x86_64 3.2-3.2.1 7.00 48.00 55.00 OK

Check Details

Version: 3.2-3.2.1
Check: R code for possible problems
Result: NOTE
    Found the following calls to attach():
    File 'R2OpenBUGS/R/attach.all.R':
     attach(x, name = name)
    See section 'Good practice' in '?attach'.
Flavors: r-devel-linux-x86_64-debian-clang, r-devel-linux-x86_64-debian-gcc, r-patched-linux-x86_64, r-release-linux-x86_64