CRAN Package Check Results for Package R2STATS

Last updated on 2019-03-23 11:51:20 CET.

Flavor Version Tinstall Tcheck Ttotal Status Flags
r-devel-linux-x86_64-debian-clang 0.68-39 18.57 135.32 153.89 OK
r-devel-linux-x86_64-debian-gcc 0.68-39 17.48 109.19 126.67 OK
r-devel-linux-x86_64-fedora-clang 0.68-39 203.84 OK
r-devel-linux-x86_64-fedora-gcc 0.68-39 186.25 OK
r-devel-windows-ix86+x86_64 0.68-39 51.00 205.00 256.00 OK
r-patched-linux-x86_64 0.68-39 11.86 135.25 147.11 OK
r-patched-solaris-x86 0.68-39 293.30 OK
r-release-linux-x86_64 0.68-39 0.24 1.93 2.17 ERROR
r-release-windows-ix86+x86_64 0.68-39 25.00 149.00 174.00 OK
r-release-osx-x86_64 0.68-39 ERROR
r-oldrel-windows-ix86+x86_64 0.68-39 36.00 236.00 272.00 OK
r-oldrel-osx-x86_64 0.68-39 ERROR

Check Details

Version: 0.68-39
Check: whether package can be installed
Result: ERROR
    Installation failed.
Flavor: r-release-linux-x86_64

Version: 0.68-39
Check: package dependencies
Result: ERROR
    Packages required but not available:
     ‘cairoDevice’ ‘gWidgetsRGtk2’ ‘RGtk2Extras’
    
    See section ‘The DESCRIPTION file’ in the ‘Writing R Extensions’
    manual.
Flavors: r-release-osx-x86_64, r-oldrel-osx-x86_64