Last updated on 2021-01-23 22:55:17 CET.
Flavor | Version | Tinstall | Tcheck | Ttotal | Status | Flags |
---|---|---|---|---|---|---|
r-devel-linux-x86_64-debian-clang | 0.9-5 | 27.97 | 30.28 | 58.25 | OK | |
r-devel-linux-x86_64-debian-gcc | 0.9-5 | 15.37 | 24.00 | 39.37 | OK | |
r-devel-linux-x86_64-fedora-clang | 0.9-5 | 81.14 | OK | |||
r-devel-linux-x86_64-fedora-gcc | 0.9-5 | 64.62 | OK | |||
r-devel-windows-ix86+x86_64 | 0.9-5 | 76.00 | 65.00 | 141.00 | OK | |
r-patched-linux-x86_64 | 0.9-5 | 18.61 | 29.93 | 48.54 | OK | |
r-patched-solaris-x86 | 0.9-5 | 88.40 | OK | |||
r-release-linux-x86_64 | 0.9-5 | 18.36 | 29.86 | 48.22 | OK | |
r-release-macos-x86_64 | 0.9-5 | NOTE | ||||
r-release-windows-ix86+x86_64 | 0.9-5 | 54.00 | 53.00 | 107.00 | OK | |
r-oldrel-macos-x86_64 | 0.9-5 | OK | ||||
r-oldrel-windows-ix86+x86_64 | 0.9-5 | 58.00 | 64.00 | 122.00 | OK |
Version: 0.9-5
Check: installed package size
Result: NOTE
installed size is 5.0Mb
sub-directories of 1Mb or more:
libs 4.9Mb
Flavor: r-release-macos-x86_64