CRAN Package Check Results for Package R2admb

Last updated on 2019-05-24 19:47:54 CEST.

Flavor Version Tinstall Tcheck Ttotal Status Flags
r-devel-linux-x86_64-debian-clang 0.7.16 4.11 51.91 56.02 OK
r-devel-linux-x86_64-debian-gcc 0.7.16 2.82 41.04 43.86 OK
r-devel-linux-x86_64-fedora-clang 0.7.16 64.03 OK
r-devel-linux-x86_64-fedora-gcc 0.7.16 61.88 OK
r-devel-windows-ix86+x86_64 0.7.16 9.00 60.00 69.00 OK
r-patched-linux-x86_64 0.7.16 OK
r-patched-solaris-x86 0.7.16 87.10 OK
r-release-linux-x86_64 0.7.16 3.68 58.53 62.21 OK
r-release-windows-ix86+x86_64 0.7.16 10.00 85.00 95.00 OK
r-release-osx-x86_64 0.7.16 WARN
r-oldrel-windows-ix86+x86_64 0.7.16 9.00 60.00 69.00 OK
r-oldrel-osx-x86_64 0.7.16 OK

Check Details

Version: 0.7.16
Check: re-building of vignette outputs
Result: WARN
    Error(s) in re-building vignettes:
     ...
    --- re-building ‘R2admb.Rnw’ using knitr
    Error: processing vignette 'R2admb.Rnw' failed with diagnostics:
    there is no package called 'stringi'
    --- failed re-building ‘R2admb.Rnw’
    
    SUMMARY: processing the following file failed:
     ‘R2admb.Rnw’
    
    Error: Vignette re-building failed.
    Execution halted
Flavor: r-release-osx-x86_64