CRAN Package Check Results for Package R2admb

Last updated on 2019-03-23 09:48:15 CET.

Flavor Version Tinstall Tcheck Ttotal Status Flags
r-devel-linux-x86_64-debian-clang 0.7.16 4.60 51.12 55.72 OK
r-devel-linux-x86_64-debian-gcc 0.7.16 3.22 41.73 44.95 OK
r-devel-linux-x86_64-fedora-clang 0.7.16 64.78 OK
r-devel-linux-x86_64-fedora-gcc 0.7.16 62.40 OK
r-devel-windows-ix86+x86_64 0.7.16 10.00 80.00 90.00 OK
r-patched-linux-x86_64 0.7.16 2.67 56.80 59.47 OK
r-patched-solaris-x86 0.7.16 78.50 OK
r-release-linux-x86_64 0.7.16 0.42 3.06 3.48 ERROR
r-release-windows-ix86+x86_64 0.7.16 5.00 63.00 68.00 OK
r-release-osx-x86_64 0.7.16 OK
r-oldrel-windows-ix86+x86_64 0.7.16 7.00 103.00 110.00 OK
r-oldrel-osx-x86_64 0.7.16 OK

Check Details

Version: 0.7.16
Check: whether package can be installed
Result: ERROR
    Installation failed.
Flavor: r-release-linux-x86_64