CRAN Package Check Results for Package R2ucare

Last updated on 2020-07-13 12:49:06 CEST.

Flavor Version Tinstall Tcheck Ttotal Status Flags
r-devel-linux-x86_64-debian-clang 1.0.0 3.88 488.48 492.36 OK
r-devel-linux-x86_64-debian-gcc 1.0.0 4.07 331.12 335.19 OK
r-devel-linux-x86_64-fedora-clang 1.0.0 524.60 OK
r-devel-linux-x86_64-fedora-gcc 1.0.0 561.04 OK
r-devel-windows-ix86+x86_64 1.0.0 8.00 577.00 585.00 OK
r-patched-linux-x86_64 1.0.0 5.10 459.55 464.65 OK
r-release-linux-x86_64 1.0.0 4.44 456.63 461.07 OK
r-release-macos-x86_64 1.0.0 ERROR
r-release-windows-ix86+x86_64 1.0.0 11.00 561.00 572.00 OK
r-oldrel-macos-x86_64 1.0.0 OK
r-oldrel-windows-ix86+x86_64 1.0.0 11.00 415.00 426.00 OK

Check Details

Version: 1.0.0
Check: whether package can be installed
Result: ERROR
    Installation failed.
Flavor: r-release-macos-x86_64