CRAN Package Check Results for Package R3port

Last updated on 2021-09-24 10:50:14 CEST.

Flavor Version Tinstall Tcheck Ttotal Status Flags
r-devel-linux-x86_64-debian-clang 0.2.4 4.59 43.54 48.13 NOTE
r-devel-linux-x86_64-debian-gcc 0.2.4 3.60 33.57 37.17 NOTE
r-devel-linux-x86_64-fedora-clang 0.2.4 65.97 NOTE
r-devel-linux-x86_64-fedora-gcc 0.2.4 55.12 NOTE
r-devel-windows-x86_64 0.2.4 6.00 54.00 60.00 NOTE
r-devel-windows-x86_64-gcc10-UCRT 0.2.4 NOTE
r-patched-linux-x86_64 0.2.4 7.42 41.84 49.26 NOTE
r-patched-solaris-x86 0.2.4 85.70 NOTE
r-release-linux-x86_64 0.2.4 3.81 41.80 45.61 NOTE
r-release-macos-arm64 0.2.4 NOTE
r-release-macos-x86_64 0.2.4 NOTE
r-release-windows-ix86+x86_64 0.2.4 10.00 70.00 80.00 NOTE
r-oldrel-macos-x86_64 0.2.4 OK
r-oldrel-windows-ix86+x86_64 0.2.4 8.00 50.00 58.00 OK

Check Details

Version: 0.2.4
Check: LazyData
Result: NOTE
     'LazyData' is specified without a 'data' directory
Flavors: r-devel-linux-x86_64-debian-clang, r-devel-linux-x86_64-debian-gcc, r-devel-linux-x86_64-fedora-clang, r-devel-linux-x86_64-fedora-gcc, r-devel-windows-x86_64, r-devel-windows-x86_64-gcc10-UCRT, r-patched-linux-x86_64, r-patched-solaris-x86, r-release-linux-x86_64, r-release-macos-arm64, r-release-macos-x86_64, r-release-windows-ix86+x86_64