CRAN Package Check Results for Package R62S3

Last updated on 2023-04-01 07:10:48 CEST.

Flavor Version Tinstall Tcheck Ttotal Status Flags
r-devel-linux-x86_64-debian-clang 1.4.1 1.91 24.45 26.36 NOTE
r-devel-linux-x86_64-debian-gcc 1.4.1 1.53 18.75 20.28 NOTE
r-devel-linux-x86_64-fedora-clang 1.4.1 33.16 NOTE
r-devel-linux-x86_64-fedora-gcc 1.4.1 32.63 NOTE
r-devel-windows-x86_64 1.4.1 15.00 0.00 15.00 NOTE
r-patched-linux-x86_64 1.4.1 1.99 22.97 24.96 NOTE
r-release-linux-x86_64 1.4.1 1.94 24.05 25.99 NOTE
r-release-macos-arm64 1.4.1 16.00 NOTE
r-release-macos-x86_64 1.4.1 22.00 NOTE
r-release-windows-x86_64 1.4.1 13.00 56.00 69.00 NOTE
r-oldrel-macos-arm64 1.4.1 17.00 NOTE
r-oldrel-macos-x86_64 1.4.1 30.00 NOTE
r-oldrel-windows-ix86+x86_64 1.4.1 5.00 50.00 55.00 NOTE

Check Details

Version: 1.4.1
Check: LazyData
Result: NOTE
     'LazyData' is specified without a 'data' directory
Flavors: r-devel-linux-x86_64-debian-clang, r-devel-linux-x86_64-debian-gcc, r-devel-linux-x86_64-fedora-clang, r-devel-linux-x86_64-fedora-gcc, r-devel-windows-x86_64, r-patched-linux-x86_64, r-release-linux-x86_64, r-release-macos-arm64, r-release-macos-x86_64, r-release-windows-x86_64, r-oldrel-macos-arm64, r-oldrel-macos-x86_64, r-oldrel-windows-ix86+x86_64