CRAN Package Check Results for Package R62S3

Last updated on 2023-09-22 23:53:22 CEST.

Flavor Version Tinstall Tcheck Ttotal Status Flags
r-devel-linux-x86_64-debian-clang 1.4.1 1.99 25.45 27.44 NOTE
r-devel-linux-x86_64-debian-gcc 1.4.1 1.60 19.86 21.46 NOTE
r-devel-linux-x86_64-fedora-clang 1.4.1 34.49 NOTE
r-devel-linux-x86_64-fedora-gcc 1.4.1 34.59 NOTE
r-devel-windows-x86_64 1.4.1 4.00 44.00 48.00 NOTE
r-patched-linux-x86_64 1.4.1 2.14 23.93 26.07 NOTE
r-release-linux-x86_64 1.4.1 2.30 23.83 26.13 NOTE
r-release-macos-arm64 1.4.1 19.00 NOTE
r-release-macos-x86_64 1.4.1 20.00 NOTE
r-release-windows-x86_64 1.4.1 5.00 40.00 45.00 NOTE
r-oldrel-macos-arm64 1.4.1 18.00 NOTE
r-oldrel-macos-x86_64 1.4.1 22.00 NOTE
r-oldrel-windows-x86_64 1.4.1 4.00 44.00 48.00 NOTE

Check Details

Version: 1.4.1
Check: LazyData
Result: NOTE
     'LazyData' is specified without a 'data' directory
Flavors: r-devel-linux-x86_64-debian-clang, r-devel-linux-x86_64-debian-gcc, r-devel-linux-x86_64-fedora-clang, r-devel-linux-x86_64-fedora-gcc, r-devel-windows-x86_64, r-patched-linux-x86_64, r-release-linux-x86_64, r-release-macos-arm64, r-release-macos-x86_64, r-release-windows-x86_64, r-oldrel-macos-arm64, r-oldrel-macos-x86_64, r-oldrel-windows-x86_64