CRAN Package Check Results for Package RADstackshelpR

Last updated on 2021-10-22 18:49:55 CEST.

Flavor Version Tinstall Tcheck Ttotal Status Flags
r-devel-linux-x86_64-debian-clang 0.1.0 2.51 38.07 40.58 OK
r-devel-linux-x86_64-debian-gcc 0.1.0 2.03 28.78 30.81 OK
r-devel-linux-x86_64-fedora-clang 0.1.0 61.13 NOTE
r-devel-linux-x86_64-fedora-gcc 0.1.0 51.16 NOTE
r-devel-windows-x86_64 0.1.0 5.00 60.00 65.00 OK
r-devel-windows-x86_64-gcc10-UCRT 0.1.0 NOTE
r-patched-linux-x86_64 0.1.0 2.34 35.54 37.88 OK
r-patched-solaris-x86 0.1.0 58.70 NOTE
r-release-linux-x86_64 0.1.0 2.52 35.31 37.83 OK
r-release-macos-arm64 0.1.0 NOTE
r-release-macos-x86_64 0.1.0 NOTE
r-release-windows-ix86+x86_64 0.1.0 4.00 58.00 62.00 OK
r-oldrel-macos-x86_64 0.1.0 NOTE
r-oldrel-windows-ix86+x86_64 0.1.0 6.00 61.00 67.00 OK

Check Details

Version: 0.1.0
Check: dependencies in R code
Result: NOTE
    Namespace in Imports field not imported from: ‘gridExtra’
     All declared Imports should be used.
Flavors: r-devel-linux-x86_64-fedora-clang, r-devel-linux-x86_64-fedora-gcc, r-devel-windows-x86_64-gcc10-UCRT, r-patched-solaris-x86, r-release-macos-arm64, r-release-macos-x86_64, r-oldrel-macos-x86_64