CRAN Package Check Results for Package RALSA

Last updated on 2021-04-14 08:48:28 CEST.

Flavor Version Tinstall Tcheck Ttotal Status Flags
r-devel-linux-x86_64-debian-clang 0.90.3 23.91 146.62 170.53 NOTE
r-devel-linux-x86_64-debian-gcc 0.90.3 19.85 108.85 128.70 NOTE
r-devel-linux-x86_64-fedora-clang 0.90.3 211.26 NOTE
r-devel-linux-x86_64-fedora-gcc 0.90.3 196.20 NOTE
r-devel-windows-ix86+x86_64 0.90.3 48.00 160.00 208.00 NOTE
r-devel-windows-x86_64-gcc10-UCRT 0.90.3 NOTE
r-patched-linux-x86_64 0.90.3 22.67 132.78 155.45 OK
r-patched-solaris-x86 0.90.3 266.10 OK
r-release-linux-x86_64 0.90.3 24.21 132.44 156.65 OK
r-release-macos-x86_64 0.90.3 OK
r-release-windows-ix86+x86_64 0.90.3 49.00 165.00 214.00 OK
r-oldrel-macos-x86_64 0.90.3 ERROR

Check Details

Version: 0.90.3
Check: LazyData
Result: NOTE
     'LazyData' is specified without a 'data' directory
Flavors: r-devel-linux-x86_64-debian-clang, r-devel-linux-x86_64-debian-gcc, r-devel-linux-x86_64-fedora-clang, r-devel-linux-x86_64-fedora-gcc, r-devel-windows-ix86+x86_64, r-devel-windows-x86_64-gcc10-UCRT

Version: 0.90.3
Check: whether package can be installed
Result: ERROR
    Installation failed.
Flavor: r-oldrel-macos-x86_64