CRAN Package Check Results for Package RANKS

Last updated on 2022-05-21 22:58:22 CEST.

Flavor Version Tinstall Tcheck Ttotal Status Flags
r-devel-linux-x86_64-debian-clang 1.0 9.92 94.95 104.87 OK
r-devel-linux-x86_64-debian-gcc 1.0 6.09 73.78 79.87 OK
r-devel-linux-x86_64-fedora-clang 1.0 130.36 NOTE
r-devel-linux-x86_64-fedora-gcc 1.0 131.80 NOTE
r-devel-windows-x86_64 1.0 26.00 121.00 147.00 OK
r-patched-linux-x86_64 1.0 8.12 92.14 100.26 OK
r-release-linux-x86_64 1.0 7.22 91.20 98.42 OK
r-release-macos-arm64 1.0 36.00 OK
r-release-macos-x86_64 1.0 52.00 OK
r-release-windows-x86_64 1.0 18.00 113.00 131.00 OK
r-oldrel-macos-arm64 1.0 49.00 OK
r-oldrel-macos-x86_64 1.0 65.00 OK
r-oldrel-windows-ix86+x86_64 1.0 19.00 170.00 189.00 OK

Check Details

Version: 1.0
Check: compiled code
Result: NOTE
    File ‘RANKS/libs/RANKS.so’:
     Found no calls to: ‘R_registerRoutines’, ‘R_useDynamicSymbols’
    
    It is good practice to register native routines and to disable symbol
    search.
    
    See ‘Writing portable packages’ in the ‘Writing R Extensions’ manual.
Flavors: r-devel-linux-x86_64-fedora-clang, r-devel-linux-x86_64-fedora-gcc