CRAN Package Check Results for Package RANN.L1

Last updated on 2019-07-22 13:47:04 CEST.

Flavor Version Tinstall Tcheck Ttotal Status Flags
r-devel-linux-x86_64-debian-clang 2.5.2 13.53 17.75 31.28 OK
r-devel-linux-x86_64-debian-gcc 2.5.2 8.28 14.42 22.70 OK
r-devel-linux-x86_64-fedora-clang 2.5.2 46.52 NOTE
r-devel-linux-x86_64-fedora-gcc 2.5.2 36.36 NOTE
r-devel-windows-ix86+x86_64 2.5.2 31.00 69.00 100.00 OK
r-patched-linux-x86_64 2.5.2 10.21 17.48 27.69 OK
r-patched-solaris-x86 2.5.2 76.50 OK
r-release-linux-x86_64 2.5.2 10.89 17.49 28.38 OK
r-release-windows-ix86+x86_64 2.5.2 28.00 47.00 75.00 OK
r-release-osx-x86_64 2.5.2 OK
r-oldrel-windows-ix86+x86_64 2.5.2 40.00 50.00 90.00 OK
r-oldrel-osx-x86_64 2.5.2 OK

Check Details

Version: 2.5.2
Check: compiled code
Result: NOTE
    File ‘RANN.L1/libs/RANN.L1.so’:
     Found no calls to: ‘R_registerRoutines’, ‘R_useDynamicSymbols’
    
    It is good practice to register native routines and to disable symbol
    search.
    
    See ‘Writing portable packages’ in the ‘Writing R Extensions’ manual.
Flavors: r-devel-linux-x86_64-fedora-clang, r-devel-linux-x86_64-fedora-gcc