CRAN Package Check Results for Package RANN.L1

Last updated on 2019-04-25 15:54:13 CEST.

Flavor Version Tinstall Tcheck Ttotal Status Flags
r-devel-linux-x86_64-debian-clang 2.5.2 12.84 17.46 30.30 OK
r-devel-linux-x86_64-debian-gcc 2.5.2 8.42 14.43 22.85 OK
r-devel-linux-x86_64-fedora-clang 2.5.2 46.61 NOTE
r-devel-linux-x86_64-fedora-gcc 2.5.2 35.70 NOTE
r-devel-windows-ix86+x86_64 2.5.2 41.00 47.00 88.00 OK
r-patched-linux-x86_64 2.5.2 10.76 17.53 28.29 OK
r-patched-solaris-x86 2.5.2 76.10 OK
r-release-linux-x86_64 2.5.2 10.37 16.46 26.83 OK
r-release-windows-ix86+x86_64 2.5.2 28.00 57.00 85.00 OK
r-release-osx-x86_64 2.5.2 OK
r-oldrel-windows-ix86+x86_64 2.5.2 30.00 38.00 68.00 OK
r-oldrel-osx-x86_64 2.5.2 OK

Check Details

Version: 2.5.2
Check: compiled code
Result: NOTE
    File ‘RANN.L1/libs/RANN.L1.so’:
     Found no calls to: ‘R_registerRoutines’, ‘R_useDynamicSymbols’
    
    It is good practice to register native routines and to disable symbol
    search.
    
    See ‘Writing portable packages’ in the ‘Writing R Extensions’ manual.
Flavors: r-devel-linux-x86_64-fedora-clang, r-devel-linux-x86_64-fedora-gcc