CRAN Package Check Results for Package RAQSAPI

Last updated on 2021-08-05 12:57:23 CEST.

Flavor Version Tinstall Tcheck Ttotal Status Flags
r-devel-linux-x86_64-debian-clang 2.0.1 8.88 83.20 92.08 OK
r-devel-linux-x86_64-debian-gcc 2.0.1 6.59 62.56 69.15 OK
r-devel-linux-x86_64-fedora-clang 2.0.1 115.07 OK
r-devel-linux-x86_64-fedora-gcc 2.0.1 106.42 OK
r-devel-windows-x86_64 2.0.1 13.00 115.00 128.00 OK
r-devel-windows-x86_64-gcc10-UCRT 2.0.1 ERROR
r-patched-linux-x86_64 2.0.1 10.24 77.25 87.49 OK
r-patched-solaris-x86 2.0.1 140.30 OK
r-release-linux-x86_64 2.0.1 7.22 78.96 86.18 OK
r-release-macos-arm64 2.0.1 OK
r-release-macos-x86_64 2.0.1 OK
r-release-windows-ix86+x86_64 2.0.1 18.00 120.00 138.00 OK
r-oldrel-macos-x86_64 2.0.1 OK
r-oldrel-windows-ix86+x86_64 2.0.1 43.00 111.00 154.00 OK

Check Details

Version: 2.0.1
Check: package dependencies
Result: ERROR
    Packages required but not available: 'dplyr', 'tibble'
    
    Packages suggested but not available for checking:
     'devtools', 'goodpractice', 'lintr', 'roxygen2', 'testthat',
     'usethis'
    
    See section 'The DESCRIPTION file' in the 'Writing R Extensions'
    manual.
Flavor: r-devel-windows-x86_64-gcc10-UCRT