CRAN Package Check Results for Package RApiDatetime

Last updated on 2024-06-16 03:57:37 CEST.

Flavor Version Tinstall Tcheck Ttotal Status Flags
r-devel-linux-x86_64-debian-clang 0.0.9 3.87 21.81 25.68 OK
r-devel-linux-x86_64-debian-gcc 0.0.9 3.42 16.99 20.41 OK
r-devel-linux-x86_64-fedora-clang 0.0.9 32.69 OK
r-devel-linux-x86_64-fedora-gcc 0.0.9 32.14 OK
r-patched-linux-x86_64 0.0.9 3.93 21.32 25.25 OK
r-release-linux-x86_64 0.0.9 4.38 21.07 25.45 OK
r-release-macos-arm64 0.0.9 16.00 OK
r-release-macos-x86_64 0.0.9 22.00 OK
r-release-windows-x86_64 0.0.8 8.00 39.00 47.00 NOTE
r-oldrel-macos-arm64 0.0.9 20.00 OK
r-oldrel-macos-x86_64 0.0.9 31.00 OK
r-oldrel-windows-x86_64 0.0.8 8.00 40.00 48.00 OK

Check Details

Version: 0.0.8
Check: Rd contents
Result: NOTE Auto-generated content requiring editing in Rd file 'RApiDatetime-package.Rd': \references: 'This optional section can contain literature or other refere...' \seealso: 'Optional links to other man pages' \examples: '# Optional simple examples of the most important functions' Flavor: r-release-windows-x86_64