Last updated on 2023-09-22 16:54:10 CEST.
Flavor | Version | Tinstall | Tcheck | Ttotal | Status | Flags |
---|---|---|---|---|---|---|
r-devel-linux-x86_64-debian-clang | 0.0.8 | 4.18 | 21.12 | 25.30 | NOTE | |
r-devel-linux-x86_64-debian-gcc | 0.0.8 | 3.64 | 16.87 | 20.51 | NOTE | |
r-devel-linux-x86_64-fedora-clang | 0.0.8 | 31.76 | NOTE | |||
r-devel-linux-x86_64-fedora-gcc | 0.0.8 | 32.43 | NOTE | |||
r-devel-windows-x86_64 | 0.0.8 | 7.00 | 39.00 | 46.00 | NOTE | |
r-patched-linux-x86_64 | 0.0.8 | 4.00 | 20.37 | 24.37 | OK | |
r-release-linux-x86_64 | 0.0.8 | 4.29 | 20.92 | 25.21 | OK | |
r-release-macos-arm64 | 0.0.8 | 16.00 | OK | |||
r-release-macos-x86_64 | 0.0.8 | 21.00 | OK | |||
r-release-windows-x86_64 | 0.0.8 | 6.00 | 45.00 | 51.00 | OK | |
r-oldrel-macos-arm64 | 0.0.8 | 17.00 | OK | |||
r-oldrel-macos-x86_64 | 0.0.8 | 23.00 | OK | |||
r-oldrel-windows-x86_64 | 0.0.8 | 33.00 | 45.00 | 78.00 | OK |
Version: 0.0.8
Check: Rd contents
Result: NOTE
Auto-generated content requiring editing in Rd object 'RApiDatetime-package':
\references: ‘This optional section can contain literature or other refere...’
\seealso: ‘Optional links to other man pages’
\examples: ‘# Optional simple examples of the most important functions’
Flavors: r-devel-linux-x86_64-debian-clang, r-devel-linux-x86_64-debian-gcc, r-devel-linux-x86_64-fedora-clang, r-devel-linux-x86_64-fedora-gcc, r-devel-windows-x86_64