CRAN Package Check Results for Package RBF

Last updated on 2021-10-17 23:50:48 CEST.

Flavor Version Tinstall Tcheck Ttotal Status Flags
r-devel-linux-x86_64-debian-clang 2.1.0 4.31 255.72 260.03 OK
r-devel-linux-x86_64-debian-gcc 2.1.0 3.22 219.68 222.90 OK
r-devel-linux-x86_64-fedora-clang 2.1.0 309.11 OK
r-devel-linux-x86_64-fedora-gcc 2.1.0 455.26 NOTE
r-devel-windows-x86_64 2.1.0 8.00 386.00 394.00 OK
r-devel-windows-x86_64-gcc10-UCRT 2.1.0 OK
r-patched-linux-x86_64 2.1.0 4.24 369.33 373.57 OK
r-patched-solaris-x86 2.1.0 63.60 OK
r-release-linux-x86_64 2.1.0 4.00 363.23 367.23 OK
r-release-macos-arm64 2.1.0 OK
r-release-macos-x86_64 2.1.0 OK
r-release-windows-ix86+x86_64 2.1.0 10.00 372.00 382.00 OK
r-oldrel-macos-x86_64 2.1.0 OK
r-oldrel-windows-ix86+x86_64 2.1.0 13.00 376.00 389.00 OK

Check Details

Version: 2.1.0
Check: package dependencies
Result: NOTE
    Package suggested but not available for checking: ‘RobStatTM’
Flavor: r-devel-linux-x86_64-fedora-gcc