Last updated on 2023-09-30 01:50:05 CEST.
Flavor | Version | Tinstall | Tcheck | Ttotal | Status | Flags |
---|---|---|---|---|---|---|
r-devel-linux-x86_64-debian-clang | 0.3.5 | 28.58 | 48.76 | 77.34 | NOTE | |
r-devel-linux-x86_64-debian-gcc | 0.3.5 | 19.85 | 37.72 | 57.57 | NOTE | |
r-devel-linux-x86_64-fedora-clang | 0.3.5 | 117.46 | NOTE | |||
r-devel-linux-x86_64-fedora-gcc | 0.3.5 | 108.30 | NOTE | |||
r-devel-windows-x86_64 | 0.3.5 | 29.00 | 80.00 | 109.00 | NOTE | |
r-patched-linux-x86_64 | 0.3.5 | 28.15 | 48.34 | 76.49 | NOTE | |
r-release-linux-x86_64 | 0.3.5 | 28.64 | 48.07 | 76.71 | NOTE | |
r-release-macos-arm64 | 0.3.5 | 34.00 | NOTE | |||
r-release-macos-x86_64 | 0.3.5 | 49.00 | NOTE | |||
r-release-windows-x86_64 | 0.3.5 | 31.00 | 87.00 | 118.00 | NOTE | |
r-oldrel-macos-arm64 | 0.3.5 | 37.00 | OK | |||
r-oldrel-macos-x86_64 | 0.3.5 | 45.00 | OK | |||
r-oldrel-windows-x86_64 | 0.3.5 | 31.00 | 87.00 | 118.00 | OK |
Version: 0.3.5
Check: Rd \usage sections
Result: NOTE
S3 methods shown with full name in documentation object 'export.default':
‘export.default’
S3 methods shown with full name in documentation object 'export.listpoly':
‘export.listpoly’
The \usage entries for S3 methods should use the \method markup and not
their full name.
See chapter ‘Writing R documentation files’ in the ‘Writing R
Extensions’ manual.
Flavors: r-devel-linux-x86_64-debian-clang, r-devel-linux-x86_64-debian-gcc, r-devel-linux-x86_64-fedora-clang, r-devel-linux-x86_64-fedora-gcc, r-devel-windows-x86_64, r-patched-linux-x86_64, r-release-linux-x86_64, r-release-macos-arm64, r-release-macos-x86_64, r-release-windows-x86_64