Last updated on 2023-03-31 04:51:58 CEST.
Flavor | Version | Tinstall | Tcheck | Ttotal | Status | Flags |
---|---|---|---|---|---|---|
r-devel-linux-x86_64-debian-clang | 1.2.1 | 38.44 | 55.49 | 93.93 | NOTE | |
r-devel-linux-x86_64-debian-gcc | 1.2.1 | 32.96 | 43.62 | 76.58 | NOTE | |
r-devel-linux-x86_64-fedora-clang | 1.2.1 | 136.82 | NOTE | |||
r-devel-linux-x86_64-fedora-gcc | 1.2.1 | 140.25 | NOTE | |||
r-devel-windows-x86_64 | 1.2.1 | 55.00 | 107.00 | 162.00 | NOTE | |
r-patched-linux-x86_64 | 1.2.1 | 35.39 | 53.88 | 89.27 | NOTE | |
r-release-linux-x86_64 | 1.2.1 | 38.43 | 55.55 | 93.98 | OK | |
r-release-macos-arm64 | 1.2.1 | 36.00 | OK | |||
r-release-macos-x86_64 | 1.2.1 | 50.00 | OK | |||
r-release-windows-x86_64 | 1.2.1 | 45.00 | 111.00 | 156.00 | OK | |
r-oldrel-macos-arm64 | 1.2.1 | 40.00 | OK | |||
r-oldrel-macos-x86_64 | 1.2.1 | 51.00 | OK | |||
r-oldrel-windows-ix86+x86_64 | 1.2.1 | 102.00 | 136.00 | 238.00 | NOTE |
Version: 1.2.1
Check: C++ specification
Result: NOTE
Specified C++14: please drop specification unless essential
Flavors: r-devel-linux-x86_64-debian-clang, r-devel-linux-x86_64-debian-gcc, r-devel-linux-x86_64-fedora-clang, r-devel-linux-x86_64-fedora-gcc, r-devel-windows-x86_64, r-patched-linux-x86_64
Version: 1.2.1
Check: R code for possible problems
Result: NOTE
Initiating curl with CURL_SSL_BACKEND: openssl
Flavor: r-oldrel-windows-ix86+x86_64