CRAN Package Check Results for Package RChronoModel

Last updated on 2021-05-14 11:50:56 CEST.

Flavor Version Tinstall Tcheck Ttotal Status Flags
r-devel-linux-x86_64-debian-clang 0.4 4.18 46.45 50.63 NOTE
r-devel-linux-x86_64-debian-gcc 0.4 2.77 36.72 39.49 NOTE
r-devel-linux-x86_64-fedora-clang 0.4 69.40 NOTE
r-devel-linux-x86_64-fedora-gcc 0.4 59.30 NOTE
r-devel-windows-ix86+x86_64 0.4 9.00 67.00 76.00 OK
r-devel-windows-x86_64-gcc10-UCRT 0.4 OK
r-patched-linux-x86_64 0.4 3.96 45.63 49.59 NOTE
r-patched-solaris-x86 0.4 97.10 NOTE
r-release-linux-x86_64 0.4 4.07 45.52 49.59 NOTE
r-release-macos-x86_64 0.4 OK
r-release-windows-ix86+x86_64 0.4 6.00 70.00 76.00 OK
r-oldrel-macos-x86_64 0.4 OK
r-oldrel-windows-ix86+x86_64 0.4 6.00 6.00 12.00 ERROR

Check Details

Version: 0.4
Check: for non-standard things in the check directory
Result: NOTE
    Found the following files/directories:
     'data.csv'
Flavors: r-devel-linux-x86_64-debian-clang, r-devel-linux-x86_64-debian-gcc, r-devel-linux-x86_64-fedora-clang, r-devel-linux-x86_64-fedora-gcc, r-patched-linux-x86_64, r-patched-solaris-x86, r-release-linux-x86_64

Version: 0.4
Check: whether package can be installed
Result: ERROR
    Installation failed.
    See for details.
    *
Flavor: r-oldrel-windows-ix86+x86_64