CRAN Package Check Results for Package RClone

Last updated on 2020-07-04 14:48:34 CEST.

Flavor Version Tinstall Tcheck Ttotal Status Flags
r-devel-linux-x86_64-debian-clang 1.0.2 7.99 226.20 234.19 NOTE
r-devel-linux-x86_64-debian-gcc 1.0.2 6.41 153.29 159.70 NOTE
r-devel-linux-x86_64-fedora-clang 1.0.2 270.71 NOTE
r-devel-linux-x86_64-fedora-gcc 1.0.2 283.74 NOTE
r-devel-windows-ix86+x86_64 1.0.2 17.00 275.00 292.00 OK
r-patched-linux-x86_64 1.0.2 8.85 224.62 233.47 NOTE
r-patched-solaris-x86 1.0.2 302.20 NOTE
r-release-linux-x86_64 1.0.2 8.18 222.54 230.72 NOTE
r-release-osx-x86_64 1.0.2 ERROR
r-release-windows-ix86+x86_64 1.0.2 15.00 196.00 211.00 OK
r-oldrel-osx-x86_64 1.0.2 OK
r-oldrel-windows-ix86+x86_64 1.0.2 11.00 248.00 259.00 OK

Check Details

Version: 1.0.2
Check: for non-standard things in the check directory
Result: NOTE
    Found the following files/directories:
     'file1.arp' 'file2.arp' 'test.txt' 'test2.txt'
Flavors: r-devel-linux-x86_64-debian-clang, r-devel-linux-x86_64-debian-gcc, r-devel-linux-x86_64-fedora-clang, r-devel-linux-x86_64-fedora-gcc, r-patched-linux-x86_64, r-patched-solaris-x86, r-release-linux-x86_64

Version: 1.0.2
Check: tests
Result: ERROR
     Running ‘testthat_p1.R’ [5s/6s]
     Running ‘testthat_p2.R’ [1s/2s]
     Running ‘testthat_p3.R’ [5s/7s]
    Running the tests in ‘tests/testthat_p3.R’ failed.
    Last 13 lines of output:
     > library(testthat)
     > library(RClone)
     > test_check("RClone", filter = "p3")
     [1] "Number of MLG sim = 9"
     ── 1. Failure: the genet_dist functions work (@test_package_RClone_p3.R#19) ───
     length(prev2[[1]]) not equal to 45.
     1/1 mismatches
     [1] 36 - 45 == -9
    
     ══ testthat results ═══════════════════════════════════════════════════════════
     [ OK: 46 | SKIPPED: 1 | WARNINGS: 0 | FAILED: 1 ]
     1. Failure: the genet_dist functions work (@test_package_RClone_p3.R#19)
    
     Error: testthat unit tests failed
     Execution halted
Flavor: r-release-osx-x86_64