CRAN Package Check Results for Package RClone

Last updated on 2019-08-20 05:47:15 CEST.

Flavor Version Tinstall Tcheck Ttotal Status Flags
r-devel-linux-x86_64-debian-clang 1.0.2 6.84 212.44 219.28 NOTE
r-devel-linux-x86_64-debian-gcc 1.0.2 6.72 153.84 160.56 NOTE
r-devel-linux-x86_64-fedora-clang 1.0.2 252.07 NOTE
r-devel-linux-x86_64-fedora-gcc 1.0.2 257.39 NOTE
r-devel-windows-ix86+x86_64 1.0.2 15.00 255.00 270.00 OK
r-patched-linux-x86_64 1.0.2 7.12 209.78 216.90 OK
r-patched-solaris-x86 1.0.2 270.70 OK
r-release-linux-x86_64 1.0.2 6.80 209.32 216.12 OK
r-release-windows-ix86+x86_64 1.0.2 11.00 179.00 190.00 OK
r-release-osx-x86_64 1.0.2 OK
r-oldrel-windows-ix86+x86_64 1.0.2 14.00 231.00 245.00 OK
r-oldrel-osx-x86_64 1.0.2 OK

Check Details

Version: 1.0.2
Check: for non-standard things in the check directory
Result: NOTE
    Found the following files/directories:
     'file1.arp' 'file2.arp' 'test.txt' 'test2.txt'
Flavors: r-devel-linux-x86_64-debian-clang, r-devel-linux-x86_64-debian-gcc, r-devel-linux-x86_64-fedora-clang, r-devel-linux-x86_64-fedora-gcc