CRAN Package Check Results for Package RClone

Last updated on 2019-06-16 10:46:43 CEST.

Flavor Version Tinstall Tcheck Ttotal Status Flags
r-devel-linux-x86_64-debian-clang 1.0.2 7.17 214.40 221.57 NOTE
r-devel-linux-x86_64-debian-gcc 1.0.2 5.78 149.03 154.81 NOTE
r-devel-linux-x86_64-fedora-clang 1.0.2 248.08 NOTE
r-devel-linux-x86_64-fedora-gcc 1.0.2 240.48 NOTE
r-devel-windows-ix86+x86_64 1.0.2 16.00 249.00 265.00 OK
r-patched-linux-x86_64 1.0.2 7.52 211.31 218.83 OK
r-patched-solaris-x86 1.0.2 268.20 OK
r-release-linux-x86_64 1.0.2 6.64 214.43 221.07 OK
r-release-windows-ix86+x86_64 1.0.2 10.00 199.00 209.00 OK
r-release-osx-x86_64 1.0.2 OK
r-oldrel-windows-ix86+x86_64 1.0.2 8.00 245.00 253.00 OK
r-oldrel-osx-x86_64 1.0.2 OK

Check Details

Version: 1.0.2
Check: for non-standard things in the check directory
Result: NOTE
    Found the following files/directories:
     'file1.arp' 'file2.arp' 'test.txt' 'test2.txt'
Flavors: r-devel-linux-x86_64-debian-clang, r-devel-linux-x86_64-debian-gcc, r-devel-linux-x86_64-fedora-clang, r-devel-linux-x86_64-fedora-gcc